{"id":731,"date":"2014-08-05T06:54:36","date_gmt":"2014-08-05T06:54:36","guid":{"rendered":"http:\/\/rhoenklub-petersberg.de\/?page_id=731"},"modified":"2016-01-01T12:06:13","modified_gmt":"2016-01-01T12:06:13","slug":"aktuell","status":"publish","type":"page","link":"http:\/\/rhoenklub-petersberg.de\/index.php\/rauschenberghuette-2\/aktuell\/","title":{"rendered":"Wiederaufbau der Au\u00dfenterrasse abgeschlossen"},"content":{"rendered":"<p style=\"text-align: center;\"><span style=\"color: #ff0000;\"><strong><img loading=\"lazy\" decoding=\"async\" class=\" size-medium wp-image-2620 aligncenter\" src=\"http:\/\/rhoenklub-petersberg.de\/wp-content\/uploads\/2014\/08\/dsc04765-300x225.jpg\" alt=\"DSC04765\" width=\"300\" height=\"225\" \/><\/strong><\/span><\/p>\n<p style=\"text-align: left;\">Flei\u00dfige Helfer arbeiteten am 28. Juli 2015 bis in die Abendstunden, damit rechtzeitig zu unserem Sommerfest die Au\u00dfenterrasse fertig ist.<br \/>\nDer <strong>Vorstand dankt<\/strong> allen Helfern, die &#8211;\u00a0neben den beteiligten Firmen &#8211;\u00a0in vielen Stunden ehrenamtlicher T\u00e4tigkeit\u00a0 mitgeholfen haben, dass wir wieder eine sch\u00f6ne \u00fcberdachte Au\u00dfenterrasse habe.<\/p>\n<div id='gallery-1' class='gallery galleryid-731 gallery-columns-4 gallery-size-thumbnail'><figure class='gallery-item'>\n\t\t\t<div class='gallery-icon landscape'>\n\t\t\t\t<a href='http:\/\/rhoenklub-petersberg.de\/index.php\/rauschenberghuette-2\/aktuell\/dsc04770\/'><img loading=\"lazy\" decoding=\"async\" width=\"150\" height=\"150\" src=\"http:\/\/rhoenklub-petersberg.de\/wp-content\/uploads\/2014\/08\/dsc04770-150x150.jpg\" class=\"attachment-thumbnail size-thumbnail\" alt=\"\" \/><\/a>\n\t\t\t<\/div><\/figure><figure class='gallery-item'>\n\t\t\t<div class='gallery-icon landscape'>\n\t\t\t\t<a href='http:\/\/rhoenklub-petersberg.de\/index.php\/rauschenberghuette-2\/aktuell\/dsc04766\/'><img loading=\"lazy\" decoding=\"async\" width=\"150\" height=\"150\" src=\"http:\/\/rhoenklub-petersberg.de\/wp-content\/uploads\/2014\/08\/dsc04766-150x150.jpg\" class=\"attachment-thumbnail size-thumbnail\" alt=\"\" \/><\/a>\n\t\t\t<\/div><\/figure><figure class='gallery-item'>\n\t\t\t<div class='gallery-icon landscape'>\n\t\t\t\t<a href='http:\/\/rhoenklub-petersberg.de\/index.php\/rauschenberghuette-2\/aktuell\/dsc04767\/'><img loading=\"lazy\" decoding=\"async\" width=\"150\" height=\"150\" src=\"http:\/\/rhoenklub-petersberg.de\/wp-content\/uploads\/2014\/08\/dsc04767-150x150.jpg\" class=\"attachment-thumbnail size-thumbnail\" alt=\"\" \/><\/a>\n\t\t\t<\/div><\/figure>\n\t\t<\/div>\n\n<p>Freunde und Mitglieder des Rh\u00f6nklub Zweigverein Petersberg e.V. die genau wie wir, der Vorstand, froh sind, dass die Au\u00dfenterrasse endlich fertig ist, d\u00fcrfen uns gerne bei den hohen finanziellen Ausgaben durch eine <strong>kleine Spende<\/strong> unterst\u00fctzen. Jeder Betrag ist willkommen, da unser Konto leer ist. Vielen Dank.<br \/>\nEine Spendenquittung wird nach Eingang der \u00dcberweisung \u00fcbersandt.<br \/>\nBankverbindung: Raiffeisenbank Petersberg<br \/>\nIBAN: DE95 5306 2350 0003 2147 53<br \/>\nBIC: GENODEF1PBG<\/p>\n<p>&#8212;&#8212;&#8212;&#8212;&#8212;&#8212;&#8212;&#8212;&#8212;&#8212;&#8212;&#8212;&#8212;&#8212;&#8212;&#8212;&#8212;&#8212;&#8212;&#8212;&#8212;&#8212;&#8212;&#8212;&#8212;&#8212;&#8212;&#8212;<\/p>\n<p><strong>Der Wiederaufbau der Au\u00dfenterrasse schreitet fort <\/strong>(hier k\u00f6nnt ihr die\u00a0fortlaufenden Arbeiten verfolgen, bitte nach unten scrollen<strong>):<br \/>\n<\/strong><br \/>\nAm 10. \u00a0M\u00e4rz 2015 konnte endlich mit den Bauarbeiten zur Wiederherstellung\u00a0der Au\u00dfenterrasse begonnen werden.<br \/>\nMit mehreren schweren Maschinen und in Handarbeit wurde die Erde bearbeitet.<\/p>\n<div id='gallery-2' class='gallery galleryid-731 gallery-columns-3 gallery-size-thumbnail'><figure class='gallery-item'>\n\t\t\t<div class='gallery-icon landscape'>\n\t\t\t\t<a href='http:\/\/rhoenklub-petersberg.de\/index.php\/rauschenberghuette-2\/aktuell\/dsc04119\/'><img loading=\"lazy\" decoding=\"async\" width=\"150\" height=\"150\" src=\"http:\/\/rhoenklub-petersberg.de\/wp-content\/uploads\/2014\/08\/dsc04119-150x150.jpg\" class=\"attachment-thumbnail size-thumbnail\" alt=\"\" \/><\/a>\n\t\t\t<\/div><\/figure><figure class='gallery-item'>\n\t\t\t<div class='gallery-icon landscape'>\n\t\t\t\t<a href='http:\/\/rhoenklub-petersberg.de\/index.php\/rauschenberghuette-2\/aktuell\/dsc04105\/'><img loading=\"lazy\" decoding=\"async\" width=\"150\" height=\"150\" src=\"http:\/\/rhoenklub-petersberg.de\/wp-content\/uploads\/2014\/08\/dsc04105-150x150.jpg\" class=\"attachment-thumbnail size-thumbnail\" alt=\"\" \/><\/a>\n\t\t\t<\/div><\/figure>\n\t\t<\/div>\n\n<p>Der Hang wurde abgest\u00fctzt, das besch\u00e4digte Pflaster entfernt und Fundamente f\u00fcr die Dachst\u00fctzen betoniert.<\/p>\n<div id='gallery-3' class='gallery galleryid-731 gallery-columns-3 gallery-size-thumbnail'><figure class='gallery-item'>\n\t\t\t<div class='gallery-icon landscape'>\n\t\t\t\t<a href='http:\/\/rhoenklub-petersberg.de\/index.php\/rauschenberghuette-2\/aktuell\/dsc04135\/'><img loading=\"lazy\" decoding=\"async\" width=\"150\" height=\"150\" src=\"http:\/\/rhoenklub-petersberg.de\/wp-content\/uploads\/2014\/08\/dsc04135-150x150.jpg\" class=\"attachment-thumbnail size-thumbnail\" alt=\"\" \/><\/a>\n\t\t\t<\/div><\/figure><figure class='gallery-item'>\n\t\t\t<div class='gallery-icon landscape'>\n\t\t\t\t<a href='http:\/\/rhoenklub-petersberg.de\/index.php\/rauschenberghuette-2\/aktuell\/dsc04137\/'><img loading=\"lazy\" decoding=\"async\" width=\"150\" height=\"150\" src=\"http:\/\/rhoenklub-petersberg.de\/wp-content\/uploads\/2014\/08\/dsc04137-150x150.jpg\" class=\"attachment-thumbnail size-thumbnail\" alt=\"\" \/><\/a>\n\t\t\t<\/div><\/figure>\n\t\t<\/div>\n\n<p>Durch das Entfernen der maroden und gef\u00e4hrlichen Treppe zum Parkplatz ist der Hang zur Grillh\u00fctte abzufangen. Die alte rutschige Treppe wurde\u00a0erneuert.<\/p>\n<div id='gallery-4' class='gallery galleryid-731 gallery-columns-3 gallery-size-thumbnail'><figure class='gallery-item'>\n\t\t\t<div class='gallery-icon landscape'>\n\t\t\t\t<a href='http:\/\/rhoenklub-petersberg.de\/index.php\/rauschenberghuette-2\/aktuell\/img_1498\/'><img loading=\"lazy\" decoding=\"async\" width=\"150\" height=\"150\" src=\"http:\/\/rhoenklub-petersberg.de\/wp-content\/uploads\/2014\/08\/img_1498-e1427441262877-150x150.jpg\" class=\"attachment-thumbnail size-thumbnail\" alt=\"\" srcset=\"http:\/\/rhoenklub-petersberg.de\/wp-content\/uploads\/2014\/08\/img_1498-e1427441262877-150x150.jpg 150w, http:\/\/rhoenklub-petersberg.de\/wp-content\/uploads\/2014\/08\/img_1498-e1427441262877-300x300.jpg 300w, http:\/\/rhoenklub-petersberg.de\/wp-content\/uploads\/2014\/08\/img_1498-e1427441262877-1024x1024.jpg 1024w, http:\/\/rhoenklub-petersberg.de\/wp-content\/uploads\/2014\/08\/img_1498-e1427441262877-600x600.jpg 600w, http:\/\/rhoenklub-petersberg.de\/wp-content\/uploads\/2014\/08\/img_1498-e1427441262877.jpg 1800w\" sizes=\"auto, (max-width: 150px) 100vw, 150px\" \/><\/a>\n\t\t\t<\/div><\/figure><figure class='gallery-item'>\n\t\t\t<div class='gallery-icon landscape'>\n\t\t\t\t<a href='http:\/\/rhoenklub-petersberg.de\/index.php\/rauschenberghuette-2\/aktuell\/dsc04181\/'><img loading=\"lazy\" decoding=\"async\" width=\"150\" height=\"150\" src=\"http:\/\/rhoenklub-petersberg.de\/wp-content\/uploads\/2014\/08\/dsc04181-150x150.jpg\" class=\"attachment-thumbnail size-thumbnail\" alt=\"\" \/><\/a>\n\t\t\t<\/div><\/figure>\n\t\t<\/div>\n\n<p><span style=\"text-decoration: underline;\"><strong>alt:<\/strong><\/span><\/p>\n<div id='gallery-5' class='gallery galleryid-731 gallery-columns-3 gallery-size-thumbnail'><figure class='gallery-item'>\n\t\t\t<div class='gallery-icon portrait'>\n\t\t\t\t<a href='http:\/\/rhoenklub-petersberg.de\/index.php\/rauschenberghuette-2\/aktuell\/dsc01994\/'><img loading=\"lazy\" decoding=\"async\" width=\"150\" height=\"150\" src=\"http:\/\/rhoenklub-petersberg.de\/wp-content\/uploads\/2014\/08\/dsc01994-e1427220669300-150x150.jpg\" class=\"attachment-thumbnail size-thumbnail\" alt=\"\" \/><\/a>\n\t\t\t<\/div><\/figure><figure class='gallery-item'>\n\t\t\t<div class='gallery-icon landscape'>\n\t\t\t\t<a href='http:\/\/rhoenklub-petersberg.de\/index.php\/rauschenberghuette-2\/aktuell\/dsc02002\/'><img loading=\"lazy\" decoding=\"async\" width=\"150\" height=\"150\" src=\"http:\/\/rhoenklub-petersberg.de\/wp-content\/uploads\/2014\/08\/dsc02002-150x150.jpg\" class=\"attachment-thumbnail size-thumbnail\" alt=\"\" \/><\/a>\n\t\t\t<\/div><\/figure><figure class='gallery-item'>\n\t\t\t<div class='gallery-icon landscape'>\n\t\t\t\t<a href='http:\/\/rhoenklub-petersberg.de\/index.php\/rauschenberghuette-2\/aktuell\/dsc02001\/'><img loading=\"lazy\" decoding=\"async\" width=\"150\" height=\"150\" src=\"http:\/\/rhoenklub-petersberg.de\/wp-content\/uploads\/2014\/08\/dsc02001-150x150.jpg\" class=\"attachment-thumbnail size-thumbnail\" alt=\"\" \/><\/a>\n\t\t\t<\/div><\/figure>\n\t\t<\/div>\n\n<p>Die Vorarbeiten f\u00fcr die neue Sitzecke haben begonnen.<\/p>\n<div id='gallery-6' class='gallery galleryid-731 gallery-columns-3 gallery-size-thumbnail'><figure class='gallery-item'>\n\t\t\t<div class='gallery-icon landscape'>\n\t\t\t\t<a href='http:\/\/rhoenklub-petersberg.de\/index.php\/rauschenberghuette-2\/aktuell\/dsc04182\/'><img loading=\"lazy\" decoding=\"async\" width=\"150\" height=\"150\" src=\"http:\/\/rhoenklub-petersberg.de\/wp-content\/uploads\/2014\/08\/dsc04182-150x150.jpg\" class=\"attachment-thumbnail size-thumbnail\" alt=\"\" \/><\/a>\n\t\t\t<\/div><\/figure><figure class='gallery-item'>\n\t\t\t<div class='gallery-icon landscape'>\n\t\t\t\t<a href='http:\/\/rhoenklub-petersberg.de\/index.php\/rauschenberghuette-2\/aktuell\/dsc04178\/'><img loading=\"lazy\" decoding=\"async\" width=\"150\" height=\"150\" src=\"http:\/\/rhoenklub-petersberg.de\/wp-content\/uploads\/2014\/08\/dsc04178-150x150.jpg\" class=\"attachment-thumbnail size-thumbnail\" alt=\"\" \/><\/a>\n\t\t\t<\/div><\/figure><figure class='gallery-item'>\n\t\t\t<div class='gallery-icon landscape'>\n\t\t\t\t<a href='http:\/\/rhoenklub-petersberg.de\/index.php\/rauschenberghuette-2\/aktuell\/dsc04180\/'><img loading=\"lazy\" decoding=\"async\" width=\"150\" height=\"150\" src=\"http:\/\/rhoenklub-petersberg.de\/wp-content\/uploads\/2014\/08\/dsc04180-150x150.jpg\" class=\"attachment-thumbnail size-thumbnail\" alt=\"\" \/><\/a>\n\t\t\t<\/div><\/figure>\n\t\t<\/div>\n\n<p>Die neuen Betonpfeiler f\u00fcr die zus\u00e4tzlichen Tische und B\u00e4nke sind einbetoniert und nun wird die\u00a0Au\u00dfenterrasse neu\u00a0gepflastert.<\/p>\n<div id='gallery-7' class='gallery galleryid-731 gallery-columns-3 gallery-size-thumbnail'><figure class='gallery-item'>\n\t\t\t<div class='gallery-icon landscape'>\n\t\t\t\t<a href='http:\/\/rhoenklub-petersberg.de\/index.php\/rauschenberghuette-2\/aktuell\/dsc04228\/'><img loading=\"lazy\" decoding=\"async\" width=\"150\" height=\"150\" src=\"http:\/\/rhoenklub-petersberg.de\/wp-content\/uploads\/2014\/08\/dsc04228-150x150.jpg\" class=\"attachment-thumbnail size-thumbnail\" alt=\"\" \/><\/a>\n\t\t\t<\/div><\/figure><figure class='gallery-item'>\n\t\t\t<div class='gallery-icon landscape'>\n\t\t\t\t<a href='http:\/\/rhoenklub-petersberg.de\/index.php\/rauschenberghuette-2\/aktuell\/dsc04229\/'><img loading=\"lazy\" decoding=\"async\" width=\"150\" height=\"150\" src=\"http:\/\/rhoenklub-petersberg.de\/wp-content\/uploads\/2014\/08\/dsc04229-150x150.jpg\" class=\"attachment-thumbnail size-thumbnail\" alt=\"\" \/><\/a>\n\t\t\t<\/div><\/figure>\n\t\t<\/div>\n\n<p>Die Gabionen sind gef\u00fcllt, die Terrasse ist fertig gepflastert.<br \/>\nDie Firma Link-Bau ist mit ihren Arbeiten fertig.<br \/>\nWir hoffen, dass nunmehr die Zimmerei Fl\u00fcgel nach Ostern endlich loslegt. Sie wurde\u00a0 durch andere Arbeiten\u00a0aufgehalten und konnte trotz mehrmaliger Kontaktaufnahme noch nicht beginnen.<\/p>\n<div id='gallery-8' class='gallery galleryid-731 gallery-columns-3 gallery-size-thumbnail'><figure class='gallery-item'>\n\t\t\t<div class='gallery-icon landscape'>\n\t\t\t\t<a href='http:\/\/rhoenklub-petersberg.de\/index.php\/rauschenberghuette-2\/aktuell\/dsc04259\/'><img loading=\"lazy\" decoding=\"async\" width=\"150\" height=\"150\" src=\"http:\/\/rhoenklub-petersberg.de\/wp-content\/uploads\/2014\/08\/dsc04259-150x150.jpg\" class=\"attachment-thumbnail size-thumbnail\" alt=\"\" \/><\/a>\n\t\t\t<\/div><\/figure><figure class='gallery-item'>\n\t\t\t<div class='gallery-icon landscape'>\n\t\t\t\t<a href='http:\/\/rhoenklub-petersberg.de\/index.php\/rauschenberghuette-2\/aktuell\/dsc04258\/'><img loading=\"lazy\" decoding=\"async\" width=\"150\" height=\"150\" src=\"http:\/\/rhoenklub-petersberg.de\/wp-content\/uploads\/2014\/08\/dsc04258-150x150.jpg\" class=\"attachment-thumbnail size-thumbnail\" alt=\"\" \/><\/a>\n\t\t\t<\/div><\/figure><figure class='gallery-item'>\n\t\t\t<div class='gallery-icon landscape'>\n\t\t\t\t<a href='http:\/\/rhoenklub-petersberg.de\/index.php\/rauschenberghuette-2\/aktuell\/dsc04255\/'><img loading=\"lazy\" decoding=\"async\" width=\"150\" height=\"150\" src=\"http:\/\/rhoenklub-petersberg.de\/wp-content\/uploads\/2014\/08\/dsc04255-150x150.jpg\" class=\"attachment-thumbnail size-thumbnail\" alt=\"\" \/><\/a>\n\t\t\t<\/div><\/figure><figure class='gallery-item'>\n\t\t\t<div class='gallery-icon landscape'>\n\t\t\t\t<a href='http:\/\/rhoenklub-petersberg.de\/index.php\/rauschenberghuette-2\/aktuell\/dsc04262\/'><img loading=\"lazy\" decoding=\"async\" width=\"150\" height=\"150\" src=\"http:\/\/rhoenklub-petersberg.de\/wp-content\/uploads\/2014\/08\/dsc04262-150x150.jpg\" class=\"attachment-thumbnail size-thumbnail\" alt=\"\" \/><\/a>\n\t\t\t<\/div><\/figure><figure class='gallery-item'>\n\t\t\t<div class='gallery-icon landscape'>\n\t\t\t\t<a href='http:\/\/rhoenklub-petersberg.de\/index.php\/rauschenberghuette-2\/aktuell\/dsc04261\/'><img loading=\"lazy\" decoding=\"async\" width=\"150\" height=\"150\" src=\"http:\/\/rhoenklub-petersberg.de\/wp-content\/uploads\/2014\/08\/dsc04261-150x150.jpg\" class=\"attachment-thumbnail size-thumbnail\" alt=\"\" \/><\/a>\n\t\t\t<\/div><\/figure><figure class='gallery-item'>\n\t\t\t<div class='gallery-icon landscape'>\n\t\t\t\t<a href='http:\/\/rhoenklub-petersberg.de\/index.php\/rauschenberghuette-2\/aktuell\/dsc04260\/'><img loading=\"lazy\" decoding=\"async\" width=\"150\" height=\"150\" src=\"http:\/\/rhoenklub-petersberg.de\/wp-content\/uploads\/2014\/08\/dsc04260-150x150.jpg\" class=\"attachment-thumbnail size-thumbnail\" alt=\"\" \/><\/a>\n\t\t\t<\/div><\/figure>\n\t\t<\/div>\n\n<p>Die verkohlte Geb\u00e4udeverkleidung wurde entfernt:<\/p>\n<div id='gallery-9' class='gallery galleryid-731 gallery-columns-3 gallery-size-thumbnail'><figure class='gallery-item'>\n\t\t\t<div class='gallery-icon landscape'>\n\t\t\t\t<a href='http:\/\/rhoenklub-petersberg.de\/index.php\/rauschenberghuette-2\/aktuell\/dsc04365\/'><img loading=\"lazy\" decoding=\"async\" width=\"150\" height=\"150\" src=\"http:\/\/rhoenklub-petersberg.de\/wp-content\/uploads\/2014\/08\/dsc04365-150x150.jpg\" class=\"attachment-thumbnail size-thumbnail\" alt=\"\" \/><\/a>\n\t\t\t<\/div><\/figure><figure class='gallery-item'>\n\t\t\t<div class='gallery-icon landscape'>\n\t\t\t\t<a href='http:\/\/rhoenklub-petersberg.de\/index.php\/rauschenberghuette-2\/aktuell\/dsc04366\/'><img loading=\"lazy\" decoding=\"async\" width=\"150\" height=\"150\" src=\"http:\/\/rhoenklub-petersberg.de\/wp-content\/uploads\/2014\/08\/dsc04366-150x150.jpg\" class=\"attachment-thumbnail size-thumbnail\" alt=\"\" \/><\/a>\n\t\t\t<\/div><\/figure><figure class='gallery-item'>\n\t\t\t<div class='gallery-icon landscape'>\n\t\t\t\t<a href='http:\/\/rhoenklub-petersberg.de\/index.php\/rauschenberghuette-2\/aktuell\/dsc04373\/'><img loading=\"lazy\" decoding=\"async\" width=\"150\" height=\"150\" src=\"http:\/\/rhoenklub-petersberg.de\/wp-content\/uploads\/2014\/08\/dsc04373-150x150.jpg\" class=\"attachment-thumbnail size-thumbnail\" alt=\"\" \/><\/a>\n\t\t\t<\/div><\/figure>\n\t\t<\/div>\n\n<p>Die alten und neuen Tische und B\u00e4nke sind installiert, der Sommer kann kommen.<\/p>\n<div id='gallery-10' class='gallery galleryid-731 gallery-columns-3 gallery-size-thumbnail'><figure class='gallery-item'>\n\t\t\t<div class='gallery-icon landscape'>\n\t\t\t\t<a href='http:\/\/rhoenklub-petersberg.de\/index.php\/rauschenberghuette-2\/aktuell\/dsc04412\/'><img loading=\"lazy\" decoding=\"async\" width=\"150\" height=\"150\" src=\"http:\/\/rhoenklub-petersberg.de\/wp-content\/uploads\/2014\/08\/dsc04412-150x150.jpg\" class=\"attachment-thumbnail size-thumbnail\" alt=\"\" \/><\/a>\n\t\t\t<\/div><\/figure><figure class='gallery-item'>\n\t\t\t<div class='gallery-icon landscape'>\n\t\t\t\t<a href='http:\/\/rhoenklub-petersberg.de\/index.php\/veranstaltungen-2015\/zv-dietershausen\/img_1583\/'><img loading=\"lazy\" decoding=\"async\" width=\"150\" height=\"150\" src=\"http:\/\/rhoenklub-petersberg.de\/wp-content\/uploads\/2015\/05\/img_1583-150x150.jpg\" class=\"attachment-thumbnail size-thumbnail\" alt=\"\" \/><\/a>\n\t\t\t<\/div><\/figure><figure class='gallery-item'>\n\t\t\t<div class='gallery-icon landscape'>\n\t\t\t\t<a href='http:\/\/rhoenklub-petersberg.de\/index.php\/veranstaltungen-2015\/zv-dietershausen\/img_1581\/'><img loading=\"lazy\" decoding=\"async\" width=\"150\" height=\"150\" src=\"http:\/\/rhoenklub-petersberg.de\/wp-content\/uploads\/2015\/05\/img_1581-150x150.jpg\" class=\"attachment-thumbnail size-thumbnail\" alt=\"\" \/><\/a>\n\t\t\t<\/div><\/figure>\n\t\t<\/div>\n\n<p>Das Ger\u00fcst f\u00fcr den Dachaufbau wurde\u00a0ab 13.05.15\u00a0aufgestellt.<\/p>\n<div id='gallery-11' class='gallery galleryid-731 gallery-columns-3 gallery-size-thumbnail'><figure class='gallery-item'>\n\t\t\t<div class='gallery-icon landscape'>\n\t\t\t\t<a href='http:\/\/rhoenklub-petersberg.de\/index.php\/rauschenberghuette-2\/aktuell\/img_1618\/'><img loading=\"lazy\" decoding=\"async\" width=\"150\" height=\"150\" src=\"http:\/\/rhoenklub-petersberg.de\/wp-content\/uploads\/2014\/08\/img_1618-150x150.jpg\" class=\"attachment-thumbnail size-thumbnail\" alt=\"\" \/><\/a>\n\t\t\t<\/div><\/figure><figure class='gallery-item'>\n\t\t\t<div class='gallery-icon landscape'>\n\t\t\t\t<a href='http:\/\/rhoenklub-petersberg.de\/index.php\/rauschenberghuette-2\/aktuell\/img_1635\/'><img loading=\"lazy\" decoding=\"async\" width=\"150\" height=\"150\" src=\"http:\/\/rhoenklub-petersberg.de\/wp-content\/uploads\/2014\/08\/img_1635-150x150.jpg\" class=\"attachment-thumbnail size-thumbnail\" alt=\"\" \/><\/a>\n\t\t\t<\/div><\/figure><figure class='gallery-item'>\n\t\t\t<div class='gallery-icon landscape'>\n\t\t\t\t<a href='http:\/\/rhoenklub-petersberg.de\/index.php\/rauschenberghuette-2\/aktuell\/img_1639\/'><img loading=\"lazy\" decoding=\"async\" width=\"150\" height=\"150\" src=\"http:\/\/rhoenklub-petersberg.de\/wp-content\/uploads\/2014\/08\/img_1639-150x150.jpg\" class=\"attachment-thumbnail size-thumbnail\" alt=\"\" \/><\/a>\n\t\t\t<\/div><\/figure>\n\t\t<\/div>\n\n<p>Fertigstellung des Terrassendaches\u00a0am 22.05.15.<\/p>\n<div id='gallery-12' class='gallery galleryid-731 gallery-columns-3 gallery-size-thumbnail'><figure class='gallery-item'>\n\t\t\t<div class='gallery-icon landscape'>\n\t\t\t\t<a href='http:\/\/rhoenklub-petersberg.de\/index.php\/rauschenberghuette-2\/aktuell\/dsc04479-2\/'><img loading=\"lazy\" decoding=\"async\" width=\"150\" height=\"150\" src=\"http:\/\/rhoenklub-petersberg.de\/wp-content\/uploads\/2014\/08\/dsc04479-2-150x150.jpg\" class=\"attachment-thumbnail size-thumbnail\" alt=\"\" \/><\/a>\n\t\t\t<\/div><\/figure><figure class='gallery-item'>\n\t\t\t<div class='gallery-icon landscape'>\n\t\t\t\t<a href='http:\/\/rhoenklub-petersberg.de\/index.php\/rauschenberghuette-2\/aktuell\/dsc04488\/'><img loading=\"lazy\" decoding=\"async\" width=\"150\" height=\"150\" src=\"http:\/\/rhoenklub-petersberg.de\/wp-content\/uploads\/2014\/08\/dsc04488-150x150.jpg\" class=\"attachment-thumbnail size-thumbnail\" alt=\"\" \/><\/a>\n\t\t\t<\/div><\/figure><figure class='gallery-item'>\n\t\t\t<div class='gallery-icon landscape'>\n\t\t\t\t<a href='http:\/\/rhoenklub-petersberg.de\/index.php\/rauschenberghuette-2\/aktuell\/dsc04487\/'><img loading=\"lazy\" decoding=\"async\" width=\"150\" height=\"150\" src=\"http:\/\/rhoenklub-petersberg.de\/wp-content\/uploads\/2014\/08\/dsc04487-150x150.jpg\" class=\"attachment-thumbnail size-thumbnail\" alt=\"\" \/><\/a>\n\t\t\t<\/div><\/figure>\n\t\t<\/div>\n\n<p>&nbsp;<\/p>\n<p>&nbsp;<\/p>\n<p><strong><span style=\"text-decoration: underline;\">Brand der Au\u00dfenterrasse an der Rauschenbergh\u00fctte<\/span><\/strong><\/p>\n<p>Der Vorstand des Rh\u00f6nklub Zweigverein Petersberg e.V. ist<br \/>\nersch\u00fcttert, uns fehlen die Wort. Viele Stunden ehrenamtlicher<br \/>\nT\u00e4tigkeit von hilfsbereiten Vereinsmitgliedern wurde in\u00a0kurzer Zeit\u00a0vernichtet.<\/p>\n<p>Der Brand hat die Au\u00dfenterrasse an der Rauschenbergh\u00fctte<br \/>\nzerst\u00f6rt. Durch den z\u00fcgigen Einsatz der Feuerwehr Petersberg<br \/>\nkonnte\u00a0das Feuer\u00a0in kurzer Zeit gel\u00f6scht werden.\u00a0 Das Geb\u00e4ude<br \/>\nwurde nur in geringem Ma\u00dfe in Mitleidenschaft gezogen.<\/p>\n<p><strong>Der Vorstand dank allen Einsatzkr\u00e4ften der Feuerwehr ganz<br \/>\nherzlich f\u00fcr die schnellen und umsichtigen L\u00f6scharbeiten.<\/strong><\/p>\n<p>Die Rauschenbergh\u00fctte ist zu den gewohnten \u00d6ffnungszeiten<br \/>\nge\u00f6ffnet.<br \/>\nDer Wiederaufbau wird sich jedoch noch einige Zeit hinziehen.<\/p>\n<p><a href=\"http:\/\/rhoenklub-petersberg.de\/wp-content\/uploads\/2014\/08\/dsc01996-e1407221472916.jpg\"><img loading=\"lazy\" decoding=\"async\" class=\"alignnone size-medium wp-image-732\" src=\"http:\/\/rhoenklub-petersberg.de\/wp-content\/uploads\/2014\/08\/dsc01996-300x225.jpg\" alt=\"DSC01996\" width=\"300\" height=\"225\" \/><\/a>vorher<\/p>\n<p><a href=\"http:\/\/rhoenklub-petersberg.de\/wp-content\/uploads\/2014\/08\/cimg0211.jpg\"><img loading=\"lazy\" decoding=\"async\" class=\"alignnone size-medium wp-image-733\" src=\"http:\/\/rhoenklub-petersberg.de\/wp-content\/uploads\/2014\/08\/cimg0211-300x225.jpg\" alt=\"CIMG0211\" width=\"300\" height=\"225\" srcset=\"http:\/\/rhoenklub-petersberg.de\/wp-content\/uploads\/2014\/08\/cimg0211-300x225.jpg 300w, http:\/\/rhoenklub-petersberg.de\/wp-content\/uploads\/2014\/08\/cimg0211-600x450.jpg 600w, http:\/\/rhoenklub-petersberg.de\/wp-content\/uploads\/2014\/08\/cimg0211.jpg 640w\" sizes=\"auto, (max-width: 300px) 100vw, 300px\" \/><\/a>nachher<\/p>\n<p>&nbsp;<\/p>\n","protected":false},"excerpt":{"rendered":"<p>Flei\u00dfige Helfer arbeiteten am 28. Juli 2015 bis in die Abendstunden, damit rechtzeitig zu unserem Sommerfest die Au\u00dfenterrasse fertig ist. Der Vorstand dankt allen Helfern, die &#8211;\u00a0neben den beteiligten Firmen &#8211;\u00a0in vielen Stunden ehrenamtlicher T\u00e4tigkeit\u00a0 mitgeholfen haben, dass wir wieder eine sch\u00f6ne \u00fcberdachte Au\u00dfenterrasse habe. Freunde und Mitglieder des Rh\u00f6nklub Zweigverein Petersberg e.V. die genau &hellip; <a href=\"http:\/\/rhoenklub-petersberg.de\/index.php\/rauschenberghuette-2\/aktuell\/\" class=\"more-link\"><span class=\"screen-reader-text\">Wiederaufbau der Au\u00dfenterrasse abgeschlossen<\/span> weiterlesen <span class=\"meta-nav\">&rarr;<\/span><\/a><\/p>\n","protected":false},"author":666667,"featured_media":0,"parent":221,"menu_order":3,"comment_status":"closed","ping_status":"closed","template":"","meta":{"footnotes":""},"class_list":["post-731","page","type-page","status-publish","hentry"],"_links":{"self":[{"href":"http:\/\/rhoenklub-petersberg.de\/index.php\/wp-json\/wp\/v2\/pages\/731","targetHints":{"allow":["GET"]}}],"collection":[{"href":"http:\/\/rhoenklub-petersberg.de\/index.php\/wp-json\/wp\/v2\/pages"}],"about":[{"href":"http:\/\/rhoenklub-petersberg.de\/index.php\/wp-json\/wp\/v2\/types\/page"}],"author":[{"embeddable":true,"href":"http:\/\/rhoenklub-petersberg.de\/index.php\/wp-json\/wp\/v2\/users\/666667"}],"replies":[{"embeddable":true,"href":"http:\/\/rhoenklub-petersberg.de\/index.php\/wp-json\/wp\/v2\/comments?post=731"}],"version-history":[{"count":0,"href":"http:\/\/rhoenklub-petersberg.de\/index.php\/wp-json\/wp\/v2\/pages\/731\/revisions"}],"up":[{"embeddable":true,"href":"http:\/\/rhoenklub-petersberg.de\/index.php\/wp-json\/wp\/v2\/pages\/221"}],"wp:attachment":[{"href":"http:\/\/rhoenklub-petersberg.de\/index.php\/wp-json\/wp\/v2\/media?parent=731"}],"curies":[{"name":"wp","href":"https:\/\/api.w.org\/{rel}","templated":true}]}}