{"id":2148,"date":"2015-05-06T18:12:45","date_gmt":"2015-05-06T18:12:45","guid":{"rendered":"http:\/\/rhoenklub-petersberg.de\/?page_id=2148"},"modified":"2015-05-06T18:12:45","modified_gmt":"2015-05-06T18:12:45","slug":"zv-dietershausen","status":"publish","type":"page","link":"http:\/\/rhoenklub-petersberg.de\/index.php\/veranstaltungen-2015\/zv-dietershausen\/","title":{"rendered":"ZV Dietershausen"},"content":{"rendered":"<p>Der Rh\u00f6nklub Zweigverein Dietershausen wanderte am Mittwoch, den 06. Mai 2015 rund um den Rauschenberg.<br \/>\nAnschlie\u00dfend kehrten die 24 Wanderer in der Rauschenbergh\u00fctte ein.<br \/>\nDie Wandergruppe und auch die anwesende\u00a01. Vorsitzende des ZV Petersberg wurden mit einer instrumentalen Einlage\u00a0 \u00fcberrascht.\u00a0 Gerhard Siegesmund hatte die Idee, dass Alfred Fladung mit seiner Gitarre in die Rauschenbergh\u00fctte kommt. Die neuen Liederb\u00fccher wurden verteilt und die Anwesenden sangen die Rh\u00f6ner Lieder.<br \/>\nDie Wanderer vom ZV Dietershausen waren begeistert und gingen frohgelaunt nach Hause.<\/p>\n<div id='gallery-1' class='gallery galleryid-2148 gallery-columns-3 gallery-size-thumbnail'><figure class='gallery-item'>\n\t\t\t<div class='gallery-icon landscape'>\n\t\t\t\t<a href='http:\/\/rhoenklub-petersberg.de\/index.php\/veranstaltungen-2015\/zv-dietershausen\/img_1584\/'><img loading=\"lazy\" decoding=\"async\" width=\"150\" height=\"150\" src=\"http:\/\/rhoenklub-petersberg.de\/wp-content\/uploads\/2015\/05\/img_1584-150x150.jpg\" class=\"attachment-thumbnail size-thumbnail\" alt=\"\" \/><\/a>\n\t\t\t<\/div><\/figure><figure class='gallery-item'>\n\t\t\t<div class='gallery-icon landscape'>\n\t\t\t\t<a href='http:\/\/rhoenklub-petersberg.de\/index.php\/veranstaltungen-2015\/zv-dietershausen\/img_1585\/'><img loading=\"lazy\" decoding=\"async\" width=\"150\" height=\"150\" src=\"http:\/\/rhoenklub-petersberg.de\/wp-content\/uploads\/2015\/05\/img_1585-150x150.jpg\" class=\"attachment-thumbnail size-thumbnail\" alt=\"\" \/><\/a>\n\t\t\t<\/div><\/figure><figure class='gallery-item'>\n\t\t\t<div class='gallery-icon landscape'>\n\t\t\t\t<a href='http:\/\/rhoenklub-petersberg.de\/index.php\/veranstaltungen-2015\/zv-dietershausen\/img_1586\/'><img loading=\"lazy\" decoding=\"async\" width=\"150\" height=\"150\" src=\"http:\/\/rhoenklub-petersberg.de\/wp-content\/uploads\/2015\/05\/img_1586-150x150.jpg\" class=\"attachment-thumbnail size-thumbnail\" alt=\"\" \/><\/a>\n\t\t\t<\/div><\/figure><figure class='gallery-item'>\n\t\t\t<div class='gallery-icon landscape'>\n\t\t\t\t<a href='http:\/\/rhoenklub-petersberg.de\/index.php\/veranstaltungen-2015\/zv-dietershausen\/img_1603\/'><img loading=\"lazy\" decoding=\"async\" width=\"150\" height=\"150\" src=\"http:\/\/rhoenklub-petersberg.de\/wp-content\/uploads\/2015\/05\/img_1603-150x150.jpg\" class=\"attachment-thumbnail size-thumbnail\" alt=\"\" \/><\/a>\n\t\t\t<\/div><\/figure><figure class='gallery-item'>\n\t\t\t<div class='gallery-icon landscape'>\n\t\t\t\t<a href='http:\/\/rhoenklub-petersberg.de\/index.php\/veranstaltungen-2015\/zv-dietershausen\/img_1611\/'><img loading=\"lazy\" decoding=\"async\" width=\"150\" height=\"150\" src=\"http:\/\/rhoenklub-petersberg.de\/wp-content\/uploads\/2015\/05\/img_1611-150x150.jpg\" class=\"attachment-thumbnail size-thumbnail\" alt=\"\" \/><\/a>\n\t\t\t<\/div><\/figure><figure class='gallery-item'>\n\t\t\t<div class='gallery-icon landscape'>\n\t\t\t\t<a href='http:\/\/rhoenklub-petersberg.de\/index.php\/veranstaltungen-2015\/zv-dietershausen\/img_1612\/'><img loading=\"lazy\" decoding=\"async\" width=\"150\" height=\"150\" src=\"http:\/\/rhoenklub-petersberg.de\/wp-content\/uploads\/2015\/05\/img_1612-150x150.jpg\" class=\"attachment-thumbnail size-thumbnail\" alt=\"\" \/><\/a>\n\t\t\t<\/div><\/figure>\n\t\t<\/div>\n\n","protected":false},"excerpt":{"rendered":"<p>Der Rh\u00f6nklub Zweigverein Dietershausen wanderte am Mittwoch, den 06. Mai 2015 rund um den Rauschenberg. Anschlie\u00dfend kehrten die 24 Wanderer in der Rauschenbergh\u00fctte ein. Die Wandergruppe und auch die anwesende\u00a01. Vorsitzende des ZV Petersberg wurden mit einer instrumentalen Einlage\u00a0 \u00fcberrascht.\u00a0 Gerhard Siegesmund hatte die Idee, dass Alfred Fladung mit seiner Gitarre in die Rauschenbergh\u00fctte kommt. &hellip; <a href=\"http:\/\/rhoenklub-petersberg.de\/index.php\/veranstaltungen-2015\/zv-dietershausen\/\" class=\"more-link\"><span class=\"screen-reader-text\">ZV Dietershausen<\/span> weiterlesen <span class=\"meta-nav\">&rarr;<\/span><\/a><\/p>\n","protected":false},"author":666667,"featured_media":0,"parent":1445,"menu_order":44,"comment_status":"closed","ping_status":"closed","template":"","meta":{"footnotes":""},"class_list":["post-2148","page","type-page","status-publish","hentry"],"_links":{"self":[{"href":"http:\/\/rhoenklub-petersberg.de\/index.php\/wp-json\/wp\/v2\/pages\/2148","targetHints":{"allow":["GET"]}}],"collection":[{"href":"http:\/\/rhoenklub-petersberg.de\/index.php\/wp-json\/wp\/v2\/pages"}],"about":[{"href":"http:\/\/rhoenklub-petersberg.de\/index.php\/wp-json\/wp\/v2\/types\/page"}],"author":[{"embeddable":true,"href":"http:\/\/rhoenklub-petersberg.de\/index.php\/wp-json\/wp\/v2\/users\/666667"}],"replies":[{"embeddable":true,"href":"http:\/\/rhoenklub-petersberg.de\/index.php\/wp-json\/wp\/v2\/comments?post=2148"}],"version-history":[{"count":0,"href":"http:\/\/rhoenklub-petersberg.de\/index.php\/wp-json\/wp\/v2\/pages\/2148\/revisions"}],"up":[{"embeddable":true,"href":"http:\/\/rhoenklub-petersberg.de\/index.php\/wp-json\/wp\/v2\/pages\/1445"}],"wp:attachment":[{"href":"http:\/\/rhoenklub-petersberg.de\/index.php\/wp-json\/wp\/v2\/media?parent=2148"}],"curies":[{"name":"wp","href":"https:\/\/api.w.org\/{rel}","templated":true}]}}