{"id":14365,"date":"2026-04-07T15:52:35","date_gmt":"2026-04-07T15:52:35","guid":{"rendered":"http:\/\/rhoenklub-petersberg.de\/?page_id=14365"},"modified":"2026-04-07T15:56:24","modified_gmt":"2026-04-07T15:56:24","slug":"grossenlueder","status":"publish","type":"page","link":"http:\/\/rhoenklub-petersberg.de\/index.php\/grossenlueder\/","title":{"rendered":"Gro\u00dfenl\u00fcder"},"content":{"rendered":"<p><span style=\"font-family: Arial, sans-serif;\"><i>Bericht von Gisela Wehr-Tiemeier:<\/i><\/span><\/p>\n<p><span style=\"font-family: Arial, sans-serif;\">Bei strahlendem Sonnenschein und blauem Himmel trafen sich 7 Personen am Mittwoch, 1. April am Rathausplatz, um mit dem Bus zur Landpartie nach Gro\u00dfenl\u00fcder zu starten. Eine Person schloss sich am Bahnhof in Fulda noch der Gruppe an und eine Person am Bahnhof in Oberbimbach. Auf dem ebenen Weg durch die Flur von Oberbimbach nach Gro\u00dfenl\u00fcder konnten wir einen Storch in seinem Nest beobachten. Im Historischen Naturpark Sodegarten informierte uns Klaus Schmitt vom Geschichtsverein Gro\u00dfenl\u00fcder \u00fcber die Salzgewinnung im Laufe der Jahrhunderte, bevor wir nach einem Rundgang durch den Ort die St. Georgs Kirche besichtigten. Nach der Einkehr und nat\u00fcrlich auch einem Eis zum Nachtisch fuhren wir mit Bahn und Bus wieder zur\u00fcck nach Fulda. <\/span><\/p>\n<div id='gallery-1' class='gallery galleryid-14365 gallery-columns-2 gallery-size-thumbnail'><figure class='gallery-item'>\n\t\t\t<div class='gallery-icon landscape'>\n\t\t\t\t<a href='http:\/\/rhoenklub-petersberg.de\/index.php\/grossenlueder\/20260401_104257\/'><img loading=\"lazy\" decoding=\"async\" width=\"150\" height=\"150\" src=\"http:\/\/rhoenklub-petersberg.de\/wp-content\/uploads\/2026\/04\/20260401_104257-scaled-e1775576841478-150x150.jpg\" class=\"attachment-thumbnail size-thumbnail\" alt=\"\" \/><\/a>\n\t\t\t<\/div><\/figure><figure class='gallery-item'>\n\t\t\t<div class='gallery-icon landscape'>\n\t\t\t\t<a href='http:\/\/rhoenklub-petersberg.de\/index.php\/grossenlueder\/20260401_112443\/'><img loading=\"lazy\" decoding=\"async\" width=\"150\" height=\"150\" src=\"http:\/\/rhoenklub-petersberg.de\/wp-content\/uploads\/2026\/04\/20260401_112443-scaled-e1775576905754-150x150.jpg\" class=\"attachment-thumbnail size-thumbnail\" alt=\"\" \/><\/a>\n\t\t\t<\/div><\/figure><figure class='gallery-item'>\n\t\t\t<div class='gallery-icon landscape'>\n\t\t\t\t<a href='http:\/\/rhoenklub-petersberg.de\/index.php\/grossenlueder\/20260401_113243\/'><img loading=\"lazy\" decoding=\"async\" width=\"150\" height=\"150\" src=\"http:\/\/rhoenklub-petersberg.de\/wp-content\/uploads\/2026\/04\/20260401_113243-scaled-e1775576962112-150x150.jpg\" class=\"attachment-thumbnail size-thumbnail\" alt=\"\" \/><\/a>\n\t\t\t<\/div><\/figure><figure class='gallery-item'>\n\t\t\t<div class='gallery-icon landscape'>\n\t\t\t\t<a href='http:\/\/rhoenklub-petersberg.de\/index.php\/grossenlueder\/20260401_113254\/'><img loading=\"lazy\" decoding=\"async\" width=\"150\" height=\"150\" src=\"http:\/\/rhoenklub-petersberg.de\/wp-content\/uploads\/2026\/04\/20260401_113254-scaled-e1775577019378-150x150.jpg\" class=\"attachment-thumbnail size-thumbnail\" alt=\"\" \/><\/a>\n\t\t\t<\/div><\/figure><figure class='gallery-item'>\n\t\t\t<div class='gallery-icon landscape'>\n\t\t\t\t<a href='http:\/\/rhoenklub-petersberg.de\/index.php\/grossenlueder\/20260401_114334\/'><img loading=\"lazy\" decoding=\"async\" width=\"150\" height=\"150\" src=\"http:\/\/rhoenklub-petersberg.de\/wp-content\/uploads\/2026\/04\/20260401_114334-scaled-e1775577050692-150x150.jpg\" class=\"attachment-thumbnail size-thumbnail\" alt=\"\" \/><\/a>\n\t\t\t<\/div><\/figure><figure class='gallery-item'>\n\t\t\t<div class='gallery-icon landscape'>\n\t\t\t\t<a href='http:\/\/rhoenklub-petersberg.de\/index.php\/grossenlueder\/20260401_115802\/'><img loading=\"lazy\" decoding=\"async\" width=\"150\" height=\"150\" src=\"http:\/\/rhoenklub-petersberg.de\/wp-content\/uploads\/2026\/04\/20260401_115802-scaled-e1775577084257-150x150.jpg\" class=\"attachment-thumbnail size-thumbnail\" alt=\"\" \/><\/a>\n\t\t\t<\/div><\/figure><figure class='gallery-item'>\n\t\t\t<div class='gallery-icon landscape'>\n\t\t\t\t<a href='http:\/\/rhoenklub-petersberg.de\/index.php\/grossenlueder\/20260401_120536\/'><img loading=\"lazy\" decoding=\"async\" width=\"150\" height=\"150\" src=\"http:\/\/rhoenklub-petersberg.de\/wp-content\/uploads\/2026\/04\/20260401_120536-scaled-e1775577127203-150x150.jpg\" class=\"attachment-thumbnail size-thumbnail\" alt=\"\" \/><\/a>\n\t\t\t<\/div><\/figure>\n\t\t<\/div>\n\n","protected":false},"excerpt":{"rendered":"<p>Bericht von Gisela Wehr-Tiemeier: Bei strahlendem Sonnenschein und blauem Himmel trafen sich 7 Personen am Mittwoch, 1. April am Rathausplatz, um mit dem Bus zur Landpartie nach Gro\u00dfenl\u00fcder zu starten. Eine Person schloss sich am Bahnhof in Fulda noch der Gruppe an und eine Person am Bahnhof in Oberbimbach. Auf dem ebenen Weg durch die &hellip; <a href=\"http:\/\/rhoenklub-petersberg.de\/index.php\/grossenlueder\/\" class=\"more-link\"><span class=\"screen-reader-text\">Gro\u00dfenl\u00fcder<\/span> weiterlesen <span class=\"meta-nav\">&rarr;<\/span><\/a><\/p>\n","protected":false},"author":666667,"featured_media":0,"parent":0,"menu_order":0,"comment_status":"closed","ping_status":"closed","template":"","meta":{"footnotes":""},"class_list":["post-14365","page","type-page","status-publish","hentry"],"_links":{"self":[{"href":"http:\/\/rhoenklub-petersberg.de\/index.php\/wp-json\/wp\/v2\/pages\/14365","targetHints":{"allow":["GET"]}}],"collection":[{"href":"http:\/\/rhoenklub-petersberg.de\/index.php\/wp-json\/wp\/v2\/pages"}],"about":[{"href":"http:\/\/rhoenklub-petersberg.de\/index.php\/wp-json\/wp\/v2\/types\/page"}],"author":[{"embeddable":true,"href":"http:\/\/rhoenklub-petersberg.de\/index.php\/wp-json\/wp\/v2\/users\/666667"}],"replies":[{"embeddable":true,"href":"http:\/\/rhoenklub-petersberg.de\/index.php\/wp-json\/wp\/v2\/comments?post=14365"}],"version-history":[{"count":1,"href":"http:\/\/rhoenklub-petersberg.de\/index.php\/wp-json\/wp\/v2\/pages\/14365\/revisions"}],"predecessor-version":[{"id":14373,"href":"http:\/\/rhoenklub-petersberg.de\/index.php\/wp-json\/wp\/v2\/pages\/14365\/revisions\/14373"}],"wp:attachment":[{"href":"http:\/\/rhoenklub-petersberg.de\/index.php\/wp-json\/wp\/v2\/media?parent=14365"}],"curies":[{"name":"wp","href":"https:\/\/api.w.org\/{rel}","templated":true}]}}