{"id":14333,"date":"2026-03-12T14:25:34","date_gmt":"2026-03-12T14:25:34","guid":{"rendered":"http:\/\/rhoenklub-petersberg.de\/?page_id=14333"},"modified":"2026-03-12T14:30:53","modified_gmt":"2026-03-12T14:30:53","slug":"rauschenberg","status":"publish","type":"page","link":"http:\/\/rhoenklub-petersberg.de\/index.php\/rauschenberg\/","title":{"rendered":"Rauschenberg"},"content":{"rendered":"<p class=\"western\" align=\"center\"><span style=\"font-family: Liberation Sans, sans-serif;\"><span style=\"font-size: medium;\"><u><b>Rund um den Rauschenberg<\/b><\/u><\/span><\/span><\/p>\n<p class=\"western\" align=\"left\"><span style=\"font-family: Liberation Sans, sans-serif;\"><span style=\"font-size: medium;\"><i>Bericht von Karl Schmitt:<\/i><\/span><\/span><\/p>\n<p class=\"western\" align=\"left\"><span style=\"font-family: Liberation Sans, sans-serif;\"><span style=\"font-size: medium;\">Am 04.03.2026 um 13.00 Uhr war Treffen f\u00fcr die angesagte Tour und 19 Wanderer waren der Einladung bei sch\u00f6nst<\/span><\/span><span style=\"font-family: Liberation Sans, sans-serif;\"><span style=\"font-size: medium;\">em Fr\u00fchlingswetter gefolgt. Die Tour f\u00fchrte uns vorbei an der Johannes-Hack-Schule, dem Kindergarten Kolibri und weiter bergab zum Park. Von hier ging es bergauf. Um die\u00a0bevorstehenden Strapazen bew\u00e4ltigen zu k\u00f6nnen, wurden wir auf unserem Weg bei Beate und Thomas\u00a0mit\u00a0 diversen Getr\u00e4nken versorgt. Nun wurde der Rauschenberg in Angriff genommen. Und wie das Leben so spielt, de<\/span><\/span><span style=\"font-family: Liberation Sans, sans-serif;\"><span style=\"font-size: medium;\">r Normalweg zum Turm war durch Holzf\u00e4llarbeiten gesperrt. Der untere Rundweg, auf den wir ausweichen mussten, war die ersten Meter relativ flach. Um aber auf den Turm zu kommen, mussten wir nach einiger Zeit den Rundweg verlassen und auf einem geschotterten Weg steil nach oben wandern. Das kostete Kraft und wir legten am Waldrand <\/span><\/span><span style=\"font-family: Liberation Sans, sans-serif;\"><span style=\"font-size: medium;\">angekommen eine Erholungspause ein. Danach ging es z\u00fcgig durch den Wald weiter nach oben. Vor dem letzten Anstieg teilte sich die Gruppe, ein Teil ging schon mal zur Rauschenbergh\u00fctte, die anderen nahmen den letzten Anstieg in Angriff. Am Turm angekommen, wurde mit Taschenlampen der Turm bestiegen. Was soll ich sagen: sch\u00f6nes Wetter, tolle Aussicht in Rh\u00f6n und Umgebung, einfach nur sch\u00f6n. Der Abstieg war schnell geschafft. In der H\u00fctte hatte Annette schon den Kaffee gekocht und zusammen mit dem selbstgebackenen Kuchen von Ursula und Resi ein Kuchenbuffet aufgebaut. Nach der St\u00e4rkung traten wir den R\u00fcckweg an.<\/span><\/span><\/p>\n<div id='gallery-1' class='gallery galleryid-14333 gallery-columns-3 gallery-size-thumbnail'><figure class='gallery-item'>\n\t\t\t<div class='gallery-icon portrait'>\n\t\t\t\t<a href='http:\/\/rhoenklub-petersberg.de\/index.php\/rauschenberg\/20260312_133702\/'><img loading=\"lazy\" decoding=\"async\" width=\"150\" height=\"150\" src=\"http:\/\/rhoenklub-petersberg.de\/wp-content\/uploads\/2026\/03\/20260312_133702-150x150.jpg\" class=\"attachment-thumbnail size-thumbnail\" alt=\"\" \/><\/a>\n\t\t\t<\/div><\/figure><figure class='gallery-item'>\n\t\t\t<div class='gallery-icon portrait'>\n\t\t\t\t<a href='http:\/\/rhoenklub-petersberg.de\/index.php\/rauschenberg\/img-20260311-wa0003\/'><img loading=\"lazy\" decoding=\"async\" width=\"150\" height=\"150\" src=\"http:\/\/rhoenklub-petersberg.de\/wp-content\/uploads\/2026\/03\/IMG-20260311-WA0003-150x150.jpg\" class=\"attachment-thumbnail size-thumbnail\" alt=\"\" \/><\/a>\n\t\t\t<\/div><\/figure><figure class='gallery-item'>\n\t\t\t<div class='gallery-icon portrait'>\n\t\t\t\t<a href='http:\/\/rhoenklub-petersberg.de\/index.php\/rauschenberg\/img-20260311-wa0004\/'><img loading=\"lazy\" decoding=\"async\" width=\"150\" height=\"150\" src=\"http:\/\/rhoenklub-petersberg.de\/wp-content\/uploads\/2026\/03\/IMG-20260311-WA0004-150x150.jpg\" class=\"attachment-thumbnail size-thumbnail\" alt=\"\" \/><\/a>\n\t\t\t<\/div><\/figure><figure class='gallery-item'>\n\t\t\t<div class='gallery-icon portrait'>\n\t\t\t\t<a href='http:\/\/rhoenklub-petersberg.de\/index.php\/rauschenberg\/img-20260311-wa0005\/'><img loading=\"lazy\" decoding=\"async\" width=\"150\" height=\"150\" src=\"http:\/\/rhoenklub-petersberg.de\/wp-content\/uploads\/2026\/03\/IMG-20260311-WA0005-150x150.jpg\" class=\"attachment-thumbnail size-thumbnail\" alt=\"\" \/><\/a>\n\t\t\t<\/div><\/figure><figure class='gallery-item'>\n\t\t\t<div class='gallery-icon landscape'>\n\t\t\t\t<a href='http:\/\/rhoenklub-petersberg.de\/index.php\/rauschenberg\/img-20260311-wa0006\/'><img loading=\"lazy\" decoding=\"async\" width=\"150\" height=\"150\" src=\"http:\/\/rhoenklub-petersberg.de\/wp-content\/uploads\/2026\/03\/IMG-20260311-WA0006-150x150.jpg\" class=\"attachment-thumbnail size-thumbnail\" alt=\"\" \/><\/a>\n\t\t\t<\/div><\/figure><figure class='gallery-item'>\n\t\t\t<div class='gallery-icon landscape'>\n\t\t\t\t<a href='http:\/\/rhoenklub-petersberg.de\/index.php\/rauschenberg\/img-20260311-wa0007\/'><img loading=\"lazy\" decoding=\"async\" width=\"150\" height=\"150\" src=\"http:\/\/rhoenklub-petersberg.de\/wp-content\/uploads\/2026\/03\/IMG-20260311-WA0007-150x150.jpg\" class=\"attachment-thumbnail size-thumbnail\" alt=\"\" \/><\/a>\n\t\t\t<\/div><\/figure>\n\t\t<\/div>\n\n<p align=\"left\">\n","protected":false},"excerpt":{"rendered":"<p>Rund um den Rauschenberg Bericht von Karl Schmitt: Am 04.03.2026 um 13.00 Uhr war Treffen f\u00fcr die angesagte Tour und 19 Wanderer waren der Einladung bei sch\u00f6nstem Fr\u00fchlingswetter gefolgt. Die Tour f\u00fchrte uns vorbei an der Johannes-Hack-Schule, dem Kindergarten Kolibri und weiter bergab zum Park. Von hier ging es bergauf. Um die\u00a0bevorstehenden Strapazen bew\u00e4ltigen zu &hellip; <a href=\"http:\/\/rhoenklub-petersberg.de\/index.php\/rauschenberg\/\" class=\"more-link\"><span class=\"screen-reader-text\">Rauschenberg<\/span> weiterlesen <span class=\"meta-nav\">&rarr;<\/span><\/a><\/p>\n","protected":false},"author":666667,"featured_media":0,"parent":0,"menu_order":0,"comment_status":"closed","ping_status":"closed","template":"","meta":{"footnotes":""},"class_list":["post-14333","page","type-page","status-publish","hentry"],"_links":{"self":[{"href":"http:\/\/rhoenklub-petersberg.de\/index.php\/wp-json\/wp\/v2\/pages\/14333","targetHints":{"allow":["GET"]}}],"collection":[{"href":"http:\/\/rhoenklub-petersberg.de\/index.php\/wp-json\/wp\/v2\/pages"}],"about":[{"href":"http:\/\/rhoenklub-petersberg.de\/index.php\/wp-json\/wp\/v2\/types\/page"}],"author":[{"embeddable":true,"href":"http:\/\/rhoenklub-petersberg.de\/index.php\/wp-json\/wp\/v2\/users\/666667"}],"replies":[{"embeddable":true,"href":"http:\/\/rhoenklub-petersberg.de\/index.php\/wp-json\/wp\/v2\/comments?post=14333"}],"version-history":[{"count":0,"href":"http:\/\/rhoenklub-petersberg.de\/index.php\/wp-json\/wp\/v2\/pages\/14333\/revisions"}],"wp:attachment":[{"href":"http:\/\/rhoenklub-petersberg.de\/index.php\/wp-json\/wp\/v2\/media?parent=14333"}],"curies":[{"name":"wp","href":"https:\/\/api.w.org\/{rel}","templated":true}]}}