{"id":14012,"date":"2025-10-24T11:23:33","date_gmt":"2025-10-24T11:23:33","guid":{"rendered":"http:\/\/rhoenklub-petersberg.de\/?page_id=14012"},"modified":"2025-10-24T11:23:59","modified_gmt":"2025-10-24T11:23:59","slug":"ronkelskoppfest-6","status":"publish","type":"page","link":"http:\/\/rhoenklub-petersberg.de\/index.php\/ronkelskoppfest-6\/","title":{"rendered":"Ronkelskoppfest"},"content":{"rendered":"<p><em>Bericht von Alexander Vorndran:<\/em><\/p>\n<p>Zum sechzehnten Male hat der Rh\u00f6nklub Zweigverein Petersberg das zur Tradition gewordenen Ronkelskoppfest ausgerichtet. Etwa 80 Kinder nahmen am Fest auf der Rauschenbergh\u00fctte teil<br \/>\nDiesmal wurden die Runkelr\u00fcben in Gerstengrund, einer kleinen Gemeinde in der N\u00e4he von Geisa, beim Bauern Sch\u00fctz abgeholt. Tatkr\u00e4ftige Unterst\u00fctzung neben den beiden Jugendwartinnen Ann-Kristin Leipold und Daniela V\u00f6ller und Matthias Ruppel waren wieder einmal die Kinder Luisa, Felix Ruppel, Dominik, Jonas und Simon V\u00f6ller.<br \/>\nIm gro\u00dfen Anh\u00e4nger wurden die \u00fcber 100 Runkeln aus der Scheune in Gerstengrund in die 43 km entfernte Rauschenbergh\u00fctte nach Petersberg gebracht.<br \/>\nAm Samstag, 18.10.2025 ab 17 Uhr folgte nun die Arbeit der Kinder, die aus den Runkelsk\u00f6pfen viele tolle Figuren, Fratzen und schaurige, gespenstige Gesichter schnitzten.<br \/>\nIm Anschluss bekam jeder Ronkelskopp noch eine brennende Kerze und die Illumination an der Rauschenbergh\u00fctte war wieder einmal eindrucksvoll.<br \/>\nZum Ende konnte sich jeder noch am vorbestellten Abendessen mit \u00d6ngerkallroobe\u201c, Buchst\u00f6ck und Eisbein laben oder Bratwurst und Brezeln genie\u00dfen.<br \/>\nIn geselliger Runde klang der Abend bei dem ein oder anderen Getr\u00e4nk aus und die Vorfreude ist schon wieder gro\u00df auf die Wiederholung des Ronkelkoppfest im n\u00e4chsten Jahr.<\/p>\n<div id='gallery-1' class='gallery galleryid-14012 gallery-columns-3 gallery-size-thumbnail'><figure class='gallery-item'>\n\t\t\t<div class='gallery-icon portrait'>\n\t\t\t\t<a href='http:\/\/rhoenklub-petersberg.de\/index.php\/ronkelskoppfest-6\/20251024_111701\/'><img loading=\"lazy\" decoding=\"async\" width=\"150\" height=\"150\" src=\"http:\/\/rhoenklub-petersberg.de\/wp-content\/uploads\/2025\/10\/20251024_111701-150x150.jpg\" class=\"attachment-thumbnail size-thumbnail\" alt=\"\" \/><\/a>\n\t\t\t<\/div><\/figure><figure class='gallery-item'>\n\t\t\t<div class='gallery-icon portrait'>\n\t\t\t\t<a href='http:\/\/rhoenklub-petersberg.de\/index.php\/ronkelskoppfest-6\/runkelsfest-2025-1\/'><img loading=\"lazy\" decoding=\"async\" width=\"150\" height=\"150\" src=\"http:\/\/rhoenklub-petersberg.de\/wp-content\/uploads\/2025\/10\/Runkelsfest-2025-1-150x150.jpg\" class=\"attachment-thumbnail size-thumbnail\" alt=\"\" \/><\/a>\n\t\t\t<\/div><\/figure><figure class='gallery-item'>\n\t\t\t<div class='gallery-icon portrait'>\n\t\t\t\t<a href='http:\/\/rhoenklub-petersberg.de\/index.php\/ronkelskoppfest-6\/runkelsfest-2025-2\/'><img loading=\"lazy\" decoding=\"async\" width=\"150\" height=\"150\" src=\"http:\/\/rhoenklub-petersberg.de\/wp-content\/uploads\/2025\/10\/Runkelsfest-2025-2-150x150.jpg\" class=\"attachment-thumbnail size-thumbnail\" alt=\"\" \/><\/a>\n\t\t\t<\/div><\/figure><figure class='gallery-item'>\n\t\t\t<div class='gallery-icon landscape'>\n\t\t\t\t<a href='http:\/\/rhoenklub-petersberg.de\/index.php\/ronkelskoppfest-6\/runkelsfest-2025-3\/'><img loading=\"lazy\" decoding=\"async\" width=\"150\" height=\"150\" src=\"http:\/\/rhoenklub-petersberg.de\/wp-content\/uploads\/2025\/10\/Runkelsfest-2025-3-150x150.jpg\" class=\"attachment-thumbnail size-thumbnail\" alt=\"\" \/><\/a>\n\t\t\t<\/div><\/figure><figure class='gallery-item'>\n\t\t\t<div class='gallery-icon landscape'>\n\t\t\t\t<a href='http:\/\/rhoenklub-petersberg.de\/index.php\/ronkelskoppfest-6\/runkelsfest-2025-4\/'><img loading=\"lazy\" decoding=\"async\" width=\"150\" height=\"150\" src=\"http:\/\/rhoenklub-petersberg.de\/wp-content\/uploads\/2025\/10\/Runkelsfest-2025-4-150x150.jpg\" class=\"attachment-thumbnail size-thumbnail\" alt=\"\" \/><\/a>\n\t\t\t<\/div><\/figure><figure class='gallery-item'>\n\t\t\t<div class='gallery-icon landscape'>\n\t\t\t\t<a href='http:\/\/rhoenklub-petersberg.de\/index.php\/ronkelskoppfest-6\/runkelsfest-2025-5\/'><img loading=\"lazy\" decoding=\"async\" width=\"150\" height=\"150\" src=\"http:\/\/rhoenklub-petersberg.de\/wp-content\/uploads\/2025\/10\/Runkelsfest-2025-5-150x150.jpg\" class=\"attachment-thumbnail size-thumbnail\" alt=\"\" \/><\/a>\n\t\t\t<\/div><\/figure>\n\t\t<\/div>\n\n","protected":false},"excerpt":{"rendered":"<p>Bericht von Alexander Vorndran: Zum sechzehnten Male hat der Rh\u00f6nklub Zweigverein Petersberg das zur Tradition gewordenen Ronkelskoppfest ausgerichtet. Etwa 80 Kinder nahmen am Fest auf der Rauschenbergh\u00fctte teil Diesmal wurden die Runkelr\u00fcben in Gerstengrund, einer kleinen Gemeinde in der N\u00e4he von Geisa, beim Bauern Sch\u00fctz abgeholt. Tatkr\u00e4ftige Unterst\u00fctzung neben den beiden Jugendwartinnen Ann-Kristin Leipold und &hellip; <a href=\"http:\/\/rhoenklub-petersberg.de\/index.php\/ronkelskoppfest-6\/\" class=\"more-link\"><span class=\"screen-reader-text\">Ronkelskoppfest<\/span> weiterlesen <span class=\"meta-nav\">&rarr;<\/span><\/a><\/p>\n","protected":false},"author":666667,"featured_media":0,"parent":0,"menu_order":0,"comment_status":"closed","ping_status":"closed","template":"","meta":{"footnotes":""},"class_list":["post-14012","page","type-page","status-publish","hentry"],"_links":{"self":[{"href":"http:\/\/rhoenklub-petersberg.de\/index.php\/wp-json\/wp\/v2\/pages\/14012","targetHints":{"allow":["GET"]}}],"collection":[{"href":"http:\/\/rhoenklub-petersberg.de\/index.php\/wp-json\/wp\/v2\/pages"}],"about":[{"href":"http:\/\/rhoenklub-petersberg.de\/index.php\/wp-json\/wp\/v2\/types\/page"}],"author":[{"embeddable":true,"href":"http:\/\/rhoenklub-petersberg.de\/index.php\/wp-json\/wp\/v2\/users\/666667"}],"replies":[{"embeddable":true,"href":"http:\/\/rhoenklub-petersberg.de\/index.php\/wp-json\/wp\/v2\/comments?post=14012"}],"version-history":[{"count":0,"href":"http:\/\/rhoenklub-petersberg.de\/index.php\/wp-json\/wp\/v2\/pages\/14012\/revisions"}],"wp:attachment":[{"href":"http:\/\/rhoenklub-petersberg.de\/index.php\/wp-json\/wp\/v2\/media?parent=14012"}],"curies":[{"name":"wp","href":"https:\/\/api.w.org\/{rel}","templated":true}]}}