{"id":13940,"date":"2025-10-02T14:57:02","date_gmt":"2025-10-02T14:57:02","guid":{"rendered":"http:\/\/rhoenklub-petersberg.de\/?page_id=13940"},"modified":"2025-10-02T14:57:02","modified_gmt":"2025-10-02T14:57:02","slug":"enzianhuette","status":"publish","type":"page","link":"http:\/\/rhoenklub-petersberg.de\/index.php\/enzianhuette\/","title":{"rendered":"Enzianh\u00fctte"},"content":{"rendered":"<p><span style=\"font-family: Liberation Serif, serif;\"><span style=\"font-size: medium;\"><strong><span style=\"color: #000000;\"><span style=\"font-family: arial, helvetica, sans-serif;\"><span style=\"font-size: large;\"><u>Wanderung auf d<\/u><\/span><\/span><\/span><\/strong><strong><span style=\"color: #000000;\"><span style=\"font-family: arial, helvetica, sans-serif;\"><span style=\"font-size: large;\"><u>ie Enzianh\u00fctte<\/u><\/span><\/span><\/span><\/strong><\/span><\/span><\/p>\n<p><span style=\"font-family: Liberation Serif, serif;\"><span style=\"font-size: medium;\"><strong><span style=\"color: #000000;\"><span style=\"font-family: arial, helvetica, sans-serif;\"><span style=\"font-size: large;\"><i>Bericht von Karl Schmitt:<\/i><\/span><\/span><\/span><\/strong><\/span><\/span><\/p>\n<p><span style=\"font-family: Liberation Serif, serif;\"><span style=\"font-size: x-large;\"><strong><span style=\"color: #000000;\"><span style=\"font-size: large;\"><u>15 Wanderer trafen sich am 01.10.2025 um 13.00 Uhr am Rathausplatz. Es wurden Fahrgemeinschaften gebildet und los geht es nach Abtsroda Parkplatz.<\/u><\/span><\/span><\/strong><\/span><\/span><\/p>\n<p>Hier begann die ca. 2.5 km lange Wanderung. Die ersten 2 km f\u00fchrten uns, vorbei an der Mariengrotte stetig bergauf. Am Fu\u00dfe des Weiherberges teilte sich die Gruppe. Ein Teil der Wanderer nahm den letzten Anstieg auf den Weiherberg, die anderen den k\u00fcrzeren direkten Weg zur Enzianh\u00fctte. Bei diversen Getr\u00e4nken und Essen verging die Zeit recht schnell. Den R\u00fcckweg zu den Autos hatten wir bald hinter uns gebracht und wir traten den Heimweg an. Ein sch\u00f6ner Tag ging zu Ende.<\/p>\n<div id='gallery-1' class='gallery galleryid-13940 gallery-columns-2 gallery-size-thumbnail'><figure class='gallery-item'>\n\t\t\t<div class='gallery-icon portrait'>\n\t\t\t\t<a href='http:\/\/rhoenklub-petersberg.de\/index.php\/enzianhuette\/img-20251001-wa0001\/'><img loading=\"lazy\" decoding=\"async\" width=\"150\" height=\"150\" src=\"http:\/\/rhoenklub-petersberg.de\/wp-content\/uploads\/2025\/10\/IMG-20251001-WA0001-150x150.jpg\" class=\"attachment-thumbnail size-thumbnail\" alt=\"\" \/><\/a>\n\t\t\t<\/div><\/figure><figure class='gallery-item'>\n\t\t\t<div class='gallery-icon portrait'>\n\t\t\t\t<a href='http:\/\/rhoenklub-petersberg.de\/index.php\/enzianhuette\/img-20251001-wa0002\/'><img loading=\"lazy\" decoding=\"async\" width=\"150\" height=\"150\" src=\"http:\/\/rhoenklub-petersberg.de\/wp-content\/uploads\/2025\/10\/IMG-20251001-WA0002-e1759416993607-150x150.jpg\" class=\"attachment-thumbnail size-thumbnail\" alt=\"\" \/><\/a>\n\t\t\t<\/div><\/figure>\n\t\t<\/div>\n\n<p>&nbsp;<\/p>\n","protected":false},"excerpt":{"rendered":"<p>Wanderung auf die Enzianh\u00fctte Bericht von Karl Schmitt: 15 Wanderer trafen sich am 01.10.2025 um 13.00 Uhr am Rathausplatz. Es wurden Fahrgemeinschaften gebildet und los geht es nach Abtsroda Parkplatz. Hier begann die ca. 2.5 km lange Wanderung. Die ersten 2 km f\u00fchrten uns, vorbei an der Mariengrotte stetig bergauf. Am Fu\u00dfe des Weiherberges teilte &hellip; <a href=\"http:\/\/rhoenklub-petersberg.de\/index.php\/enzianhuette\/\" class=\"more-link\"><span class=\"screen-reader-text\">Enzianh\u00fctte<\/span> weiterlesen <span class=\"meta-nav\">&rarr;<\/span><\/a><\/p>\n","protected":false},"author":666667,"featured_media":0,"parent":0,"menu_order":0,"comment_status":"closed","ping_status":"closed","template":"","meta":{"footnotes":""},"class_list":["post-13940","page","type-page","status-publish","hentry"],"_links":{"self":[{"href":"http:\/\/rhoenklub-petersberg.de\/index.php\/wp-json\/wp\/v2\/pages\/13940","targetHints":{"allow":["GET"]}}],"collection":[{"href":"http:\/\/rhoenklub-petersberg.de\/index.php\/wp-json\/wp\/v2\/pages"}],"about":[{"href":"http:\/\/rhoenklub-petersberg.de\/index.php\/wp-json\/wp\/v2\/types\/page"}],"author":[{"embeddable":true,"href":"http:\/\/rhoenklub-petersberg.de\/index.php\/wp-json\/wp\/v2\/users\/666667"}],"replies":[{"embeddable":true,"href":"http:\/\/rhoenklub-petersberg.de\/index.php\/wp-json\/wp\/v2\/comments?post=13940"}],"version-history":[{"count":0,"href":"http:\/\/rhoenklub-petersberg.de\/index.php\/wp-json\/wp\/v2\/pages\/13940\/revisions"}],"wp:attachment":[{"href":"http:\/\/rhoenklub-petersberg.de\/index.php\/wp-json\/wp\/v2\/media?parent=13940"}],"curies":[{"name":"wp","href":"https:\/\/api.w.org\/{rel}","templated":true}]}}