{"id":13714,"date":"2025-07-01T09:01:11","date_gmt":"2025-07-01T09:01:11","guid":{"rendered":"http:\/\/rhoenklub-petersberg.de\/?page_id=13714"},"modified":"2025-07-01T10:22:14","modified_gmt":"2025-07-01T10:22:14","slug":"friesenhausen","status":"publish","type":"page","link":"http:\/\/rhoenklub-petersberg.de\/index.php\/friesenhausen\/","title":{"rendered":"Friesenhausen"},"content":{"rendered":"<p><em>Bericht von Timo Goldbach:<\/em><\/p>\n<p><a name=\"_GoBack\"><\/a> Am Samstag, den 28.06.2025, trafen sich trotz sengender Hitze zehn motivierte Wanderer um die 12km lange Strecke von Petersberg nach Friesenhausen zu begehen. Durch den Kreuzgrund vorbei am Lanneshof erreichten wir Wissels. Von hier aus wanderten wir am Wisselsroder K\u00fcppel entlang, wo wir eine tolle Aussicht auf Petersberg und den Rauschenberg genie\u00dfen konnten. Am Ortseingang von Wisselsrod angekommen erwartete uns bei einer schattigen Sitzgruppe ein kleiner Zwischenstopp mit k\u00fchlen Getr\u00e4nken \u2013 vielen Dank an Oli Goldbach, der hier die Verpflegung organisiert hat. Erfrischt brachen wir zur letzten Etappe unserer Wanderung auf, die uns durch den Kohlgrund und \u00fcber den Alschberg schlie\u00dflich nach Friesenhausen f\u00fchrte. Belohnt wurden wir auf dieser Teilstrecke mit wundersch\u00f6nen Ausblicken auf die Sommerwiesen und Kornfelder sowie die Berge und Kuppen der Rh\u00f6n. In Friesenhausen angekommen warteten im ortsans\u00e4ssigen Caf\u00e9 Wehner bereits sieben weitere Rh\u00f6nklubmitglieder auf uns, die gr\u00f6\u00dftenteils mit dem Fahrrad angereist waren. Bei bestem Essen und einem kalten Bier lie\u00dfen wir den Abend in geselliger Runde ausklingen. Vielen Dank auch hier an Christoph Wehner f\u00fcr die tolle Bewirtung.<\/p>\n<div id='gallery-1' class='gallery galleryid-13714 gallery-columns-2 gallery-size-thumbnail'><figure class='gallery-item'>\n\t\t\t<div class='gallery-icon landscape'>\n\t\t\t\t<a href='http:\/\/rhoenklub-petersberg.de\/index.php\/friesenhausen\/photo-2025-06-28-23-14-21\/'><img loading=\"lazy\" decoding=\"async\" width=\"150\" height=\"150\" src=\"http:\/\/rhoenklub-petersberg.de\/wp-content\/uploads\/2025\/07\/PHOTO-2025-06-28-23-14-21-150x150.jpg\" class=\"attachment-thumbnail size-thumbnail\" alt=\"\" \/><\/a>\n\t\t\t<\/div><\/figure><figure class='gallery-item'>\n\t\t\t<div class='gallery-icon landscape'>\n\t\t\t\t<a href='http:\/\/rhoenklub-petersberg.de\/index.php\/friesenhausen\/photo-2025-06-28-23-14-22\/'><img loading=\"lazy\" decoding=\"async\" width=\"150\" height=\"150\" src=\"http:\/\/rhoenklub-petersberg.de\/wp-content\/uploads\/2025\/07\/PHOTO-2025-06-28-23-14-22-150x150.jpg\" class=\"attachment-thumbnail size-thumbnail\" alt=\"\" \/><\/a>\n\t\t\t<\/div><\/figure><figure class='gallery-item'>\n\t\t\t<div class='gallery-icon landscape'>\n\t\t\t\t<a href='http:\/\/rhoenklub-petersberg.de\/index.php\/friesenhausen\/photo-2025-06-28-23-14-24\/'><img loading=\"lazy\" decoding=\"async\" width=\"150\" height=\"150\" src=\"http:\/\/rhoenklub-petersberg.de\/wp-content\/uploads\/2025\/07\/PHOTO-2025-06-28-23-14-24-150x150.jpg\" class=\"attachment-thumbnail size-thumbnail\" alt=\"\" \/><\/a>\n\t\t\t<\/div><\/figure><figure class='gallery-item'>\n\t\t\t<div class='gallery-icon portrait'>\n\t\t\t\t<a href='http:\/\/rhoenklub-petersberg.de\/index.php\/friesenhausen\/photo-2025-06-28-23-14-25\/'><img loading=\"lazy\" decoding=\"async\" width=\"150\" height=\"150\" src=\"http:\/\/rhoenklub-petersberg.de\/wp-content\/uploads\/2025\/07\/PHOTO-2025-06-28-23-14-25-150x150.jpg\" class=\"attachment-thumbnail size-thumbnail\" alt=\"\" \/><\/a>\n\t\t\t<\/div><\/figure><figure class='gallery-item'>\n\t\t\t<div class='gallery-icon portrait'>\n\t\t\t\t<a href='http:\/\/rhoenklub-petersberg.de\/index.php\/friesenhausen\/photo-2025-06-28-23-14-26\/'><img loading=\"lazy\" decoding=\"async\" width=\"150\" height=\"150\" src=\"http:\/\/rhoenklub-petersberg.de\/wp-content\/uploads\/2025\/07\/PHOTO-2025-06-28-23-14-26-150x150.jpg\" class=\"attachment-thumbnail size-thumbnail\" alt=\"\" \/><\/a>\n\t\t\t<\/div><\/figure><figure class='gallery-item'>\n\t\t\t<div class='gallery-icon portrait'>\n\t\t\t\t<a href='http:\/\/rhoenklub-petersberg.de\/index.php\/friesenhausen\/photo-2025-06-28-23-14-27\/'><img loading=\"lazy\" decoding=\"async\" width=\"150\" height=\"150\" src=\"http:\/\/rhoenklub-petersberg.de\/wp-content\/uploads\/2025\/07\/PHOTO-2025-06-28-23-14-27-150x150.jpg\" class=\"attachment-thumbnail size-thumbnail\" alt=\"\" \/><\/a>\n\t\t\t<\/div><\/figure>\n\t\t<\/div>\n\n<p>&nbsp;<\/p>\n","protected":false},"excerpt":{"rendered":"<p>Bericht von Timo Goldbach: Am Samstag, den 28.06.2025, trafen sich trotz sengender Hitze zehn motivierte Wanderer um die 12km lange Strecke von Petersberg nach Friesenhausen zu begehen. Durch den Kreuzgrund vorbei am Lanneshof erreichten wir Wissels. Von hier aus wanderten wir am Wisselsroder K\u00fcppel entlang, wo wir eine tolle Aussicht auf Petersberg und den Rauschenberg &hellip; <a href=\"http:\/\/rhoenklub-petersberg.de\/index.php\/friesenhausen\/\" class=\"more-link\"><span class=\"screen-reader-text\">Friesenhausen<\/span> weiterlesen <span class=\"meta-nav\">&rarr;<\/span><\/a><\/p>\n","protected":false},"author":666667,"featured_media":0,"parent":0,"menu_order":0,"comment_status":"closed","ping_status":"closed","template":"","meta":{"footnotes":""},"class_list":["post-13714","page","type-page","status-publish","hentry"],"_links":{"self":[{"href":"http:\/\/rhoenklub-petersberg.de\/index.php\/wp-json\/wp\/v2\/pages\/13714","targetHints":{"allow":["GET"]}}],"collection":[{"href":"http:\/\/rhoenklub-petersberg.de\/index.php\/wp-json\/wp\/v2\/pages"}],"about":[{"href":"http:\/\/rhoenklub-petersberg.de\/index.php\/wp-json\/wp\/v2\/types\/page"}],"author":[{"embeddable":true,"href":"http:\/\/rhoenklub-petersberg.de\/index.php\/wp-json\/wp\/v2\/users\/666667"}],"replies":[{"embeddable":true,"href":"http:\/\/rhoenklub-petersberg.de\/index.php\/wp-json\/wp\/v2\/comments?post=13714"}],"version-history":[{"count":0,"href":"http:\/\/rhoenklub-petersberg.de\/index.php\/wp-json\/wp\/v2\/pages\/13714\/revisions"}],"wp:attachment":[{"href":"http:\/\/rhoenklub-petersberg.de\/index.php\/wp-json\/wp\/v2\/media?parent=13714"}],"curies":[{"name":"wp","href":"https:\/\/api.w.org\/{rel}","templated":true}]}}