{"id":13371,"date":"2025-01-16T15:58:23","date_gmt":"2025-01-16T15:58:23","guid":{"rendered":"http:\/\/rhoenklub-petersberg.de\/?page_id=13371"},"modified":"2025-01-16T15:58:23","modified_gmt":"2025-01-16T15:58:23","slug":"milseburg-5","status":"publish","type":"page","link":"http:\/\/rhoenklub-petersberg.de\/index.php\/milseburg-5\/","title":{"rendered":"Milseburg"},"content":{"rendered":"<h1 class=\"western\" align=\"center\"><strong><span style=\"font-size: small;\"><i>Er\u00f6ffnung des Wanderjahres 2025 auf der Milseburg<\/i><\/span><\/strong><\/h1>\n<p class=\"western\" align=\"center\"><span style=\"font-size: small;\"><i>Bericht von Karl Schmitt:<\/i><\/span><\/p>\n<p class=\"western\" align=\"center\"><span style=\"font-family: Liberation Sans, sans-serif;\"><span style=\"font-size: medium;\"><i>8 Wanderer treffen sich, um gemeinsam mit anderen Wanderern der Zweigvereine des Rh\u00f6nklubs das Wanderjahr 2025 zu er\u00f6ffnen.<\/i><\/span><\/span><\/p>\n<p class=\"western\"><span style=\"font-family: Liberation Sans, sans-serif;\"><span style=\"font-size: medium;\">In Fahrgemeinschaften fuhren wir zum Grabenh\u00f6fchen, Beginn der ca. 8 km langen Wanderung.<\/span><\/span><\/p>\n<p class=\"western\"><span style=\"font-family: Liberation Sans, sans-serif;\"><span style=\"font-size: medium;\">Durch den K\u00e4lteeinbruch war der Weg zur Milseburg stellenweise glatt, vereist und nur mit gr\u00f6\u00dfter\u00a0Vorsicht zu erwandern.<\/span><\/span><\/p>\n<p class=\"western\"><span style=\"font-family: Liberation Sans, sans-serif;\"><span style=\"font-size: medium;\">Einen Sturz in unserer Gruppe, der gl\u00fccklicherweise glimpflich ausging, mussten wir allerdings verbuchen. Um 11.35 Uhr hatten wir es geschafft und hatten noch Zeit, die Baustelle auf der Milseburg zu besichtigen. Da sich der Redner am Dr. Justus Schneider Denkmal wieder einmal versp\u00e4tete, stimmte unser Wanderfreund Felix Gaul das Rh\u00f6ner Lied an, das von allen mitgesungen wurde. Nun begann der offizielle Teil der er\u00f6ffnung des Wanderjahres 2025. Danach begann der Abstieg, der durch die Vereisungen den Wanderern nochmal einiges abverlangte.\u00a0<\/span><\/span><\/p>\n<p class=\"western\"><span style=\"font-family: Liberation Sans, sans-serif;\"><span style=\"font-size: medium;\">Abschluss war bei Uwe in der Milseburgstube. Hier bekamen wir noch Verst\u00e4rkung durch Ulla und Margarethe Jahn. Nach\u00a0gutem Essen und Getr\u00e4nken und einem Schnaps vom Haus begaben wir uns auf den R\u00fcckweg zu den Autos. Gegen 16.30 Uhr waren wir wieder am Petersberg.<\/span><\/span><\/p>\n<div id='gallery-1' class='gallery galleryid-13371 gallery-columns-2 gallery-size-thumbnail'><figure class='gallery-item'>\n\t\t\t<div class='gallery-icon portrait'>\n\t\t\t\t<a href='http:\/\/rhoenklub-petersberg.de\/index.php\/milseburg-5\/img-20250115-wa0001\/'><img loading=\"lazy\" decoding=\"async\" width=\"150\" height=\"150\" src=\"http:\/\/rhoenklub-petersberg.de\/wp-content\/uploads\/2025\/01\/IMG-20250115-WA0001-150x150.jpg\" class=\"attachment-thumbnail size-thumbnail\" alt=\"\" \/><\/a>\n\t\t\t<\/div><\/figure><figure class='gallery-item'>\n\t\t\t<div class='gallery-icon portrait'>\n\t\t\t\t<a href='http:\/\/rhoenklub-petersberg.de\/index.php\/milseburg-5\/img-20250115-wa0002\/'><img loading=\"lazy\" decoding=\"async\" width=\"150\" height=\"150\" src=\"http:\/\/rhoenklub-petersberg.de\/wp-content\/uploads\/2025\/01\/IMG-20250115-WA0002-150x150.jpg\" class=\"attachment-thumbnail size-thumbnail\" alt=\"\" \/><\/a>\n\t\t\t<\/div><\/figure><figure class='gallery-item'>\n\t\t\t<div class='gallery-icon portrait'>\n\t\t\t\t<a href='http:\/\/rhoenklub-petersberg.de\/index.php\/milseburg-5\/img-20250115-wa0003\/'><img loading=\"lazy\" decoding=\"async\" width=\"150\" height=\"150\" src=\"http:\/\/rhoenklub-petersberg.de\/wp-content\/uploads\/2025\/01\/IMG-20250115-WA0003-150x150.jpg\" class=\"attachment-thumbnail size-thumbnail\" alt=\"\" \/><\/a>\n\t\t\t<\/div><\/figure><figure class='gallery-item'>\n\t\t\t<div class='gallery-icon portrait'>\n\t\t\t\t<a href='http:\/\/rhoenklub-petersberg.de\/index.php\/milseburg-5\/img-20250115-wa0004\/'><img loading=\"lazy\" decoding=\"async\" width=\"150\" height=\"150\" src=\"http:\/\/rhoenklub-petersberg.de\/wp-content\/uploads\/2025\/01\/IMG-20250115-WA0004-150x150.jpg\" class=\"attachment-thumbnail size-thumbnail\" alt=\"\" \/><\/a>\n\t\t\t<\/div><\/figure><figure class='gallery-item'>\n\t\t\t<div class='gallery-icon portrait'>\n\t\t\t\t<a href='http:\/\/rhoenklub-petersberg.de\/index.php\/milseburg-5\/img-20250115-wa0005\/'><img loading=\"lazy\" decoding=\"async\" width=\"150\" height=\"150\" src=\"http:\/\/rhoenklub-petersberg.de\/wp-content\/uploads\/2025\/01\/IMG-20250115-WA0005-150x150.jpg\" class=\"attachment-thumbnail size-thumbnail\" alt=\"\" \/><\/a>\n\t\t\t<\/div><\/figure><figure class='gallery-item'>\n\t\t\t<div class='gallery-icon portrait'>\n\t\t\t\t<a href='http:\/\/rhoenklub-petersberg.de\/index.php\/milseburg-5\/img-20250115-wa0006\/'><img loading=\"lazy\" decoding=\"async\" width=\"150\" height=\"150\" src=\"http:\/\/rhoenklub-petersberg.de\/wp-content\/uploads\/2025\/01\/IMG-20250115-WA0006-150x150.jpg\" class=\"attachment-thumbnail size-thumbnail\" alt=\"\" \/><\/a>\n\t\t\t<\/div><\/figure><figure class='gallery-item'>\n\t\t\t<div class='gallery-icon portrait'>\n\t\t\t\t<a href='http:\/\/rhoenklub-petersberg.de\/index.php\/milseburg-5\/img-20250115-wa0007\/'><img loading=\"lazy\" decoding=\"async\" width=\"150\" height=\"150\" src=\"http:\/\/rhoenklub-petersberg.de\/wp-content\/uploads\/2025\/01\/IMG-20250115-WA0007-150x150.jpg\" class=\"attachment-thumbnail size-thumbnail\" alt=\"\" \/><\/a>\n\t\t\t<\/div><\/figure><figure class='gallery-item'>\n\t\t\t<div class='gallery-icon landscape'>\n\t\t\t\t<a href='http:\/\/rhoenklub-petersberg.de\/index.php\/milseburg-5\/img-20250115-wa0008\/'><img loading=\"lazy\" decoding=\"async\" width=\"150\" height=\"150\" src=\"http:\/\/rhoenklub-petersberg.de\/wp-content\/uploads\/2025\/01\/IMG-20250115-WA0008-150x150.jpg\" class=\"attachment-thumbnail size-thumbnail\" alt=\"\" \/><\/a>\n\t\t\t<\/div><\/figure><figure class='gallery-item'>\n\t\t\t<div class='gallery-icon landscape'>\n\t\t\t\t<a href='http:\/\/rhoenklub-petersberg.de\/index.php\/milseburg-5\/img-20250115-wa0009\/'><img loading=\"lazy\" decoding=\"async\" width=\"150\" height=\"150\" src=\"http:\/\/rhoenklub-petersberg.de\/wp-content\/uploads\/2025\/01\/IMG-20250115-WA0009-150x150.jpg\" class=\"attachment-thumbnail size-thumbnail\" alt=\"\" \/><\/a>\n\t\t\t<\/div><\/figure><figure class='gallery-item'>\n\t\t\t<div class='gallery-icon landscape'>\n\t\t\t\t<a href='http:\/\/rhoenklub-petersberg.de\/index.php\/milseburg-5\/img-20250115-wa0010\/'><img loading=\"lazy\" decoding=\"async\" width=\"150\" height=\"150\" src=\"http:\/\/rhoenklub-petersberg.de\/wp-content\/uploads\/2025\/01\/IMG-20250115-WA0010-150x150.jpg\" class=\"attachment-thumbnail size-thumbnail\" alt=\"\" \/><\/a>\n\t\t\t<\/div><\/figure><figure class='gallery-item'>\n\t\t\t<div class='gallery-icon landscape'>\n\t\t\t\t<a href='http:\/\/rhoenklub-petersberg.de\/index.php\/milseburg-5\/img-20250115-wa0011\/'><img loading=\"lazy\" decoding=\"async\" width=\"150\" height=\"150\" src=\"http:\/\/rhoenklub-petersberg.de\/wp-content\/uploads\/2025\/01\/IMG-20250115-WA0011-150x150.jpg\" class=\"attachment-thumbnail size-thumbnail\" alt=\"\" \/><\/a>\n\t\t\t<\/div><\/figure><figure class='gallery-item'>\n\t\t\t<div class='gallery-icon landscape'>\n\t\t\t\t<a href='http:\/\/rhoenklub-petersberg.de\/index.php\/milseburg-5\/img-20250115-wa0012\/'><img loading=\"lazy\" decoding=\"async\" width=\"150\" height=\"150\" src=\"http:\/\/rhoenklub-petersberg.de\/wp-content\/uploads\/2025\/01\/IMG-20250115-WA0012-150x150.jpg\" class=\"attachment-thumbnail size-thumbnail\" alt=\"\" \/><\/a>\n\t\t\t<\/div><\/figure>\n\t\t<\/div>\n\n","protected":false},"excerpt":{"rendered":"<p>Er\u00f6ffnung des Wanderjahres 2025 auf der Milseburg Bericht von Karl Schmitt: 8 Wanderer treffen sich, um gemeinsam mit anderen Wanderern der Zweigvereine des Rh\u00f6nklubs das Wanderjahr 2025 zu er\u00f6ffnen. In Fahrgemeinschaften fuhren wir zum Grabenh\u00f6fchen, Beginn der ca. 8 km langen Wanderung. Durch den K\u00e4lteeinbruch war der Weg zur Milseburg stellenweise glatt, vereist und nur &hellip; <a href=\"http:\/\/rhoenklub-petersberg.de\/index.php\/milseburg-5\/\" class=\"more-link\"><span class=\"screen-reader-text\">Milseburg<\/span> weiterlesen <span class=\"meta-nav\">&rarr;<\/span><\/a><\/p>\n","protected":false},"author":666667,"featured_media":0,"parent":0,"menu_order":0,"comment_status":"closed","ping_status":"closed","template":"","meta":{"footnotes":""},"class_list":["post-13371","page","type-page","status-publish","hentry"],"_links":{"self":[{"href":"http:\/\/rhoenklub-petersberg.de\/index.php\/wp-json\/wp\/v2\/pages\/13371","targetHints":{"allow":["GET"]}}],"collection":[{"href":"http:\/\/rhoenklub-petersberg.de\/index.php\/wp-json\/wp\/v2\/pages"}],"about":[{"href":"http:\/\/rhoenklub-petersberg.de\/index.php\/wp-json\/wp\/v2\/types\/page"}],"author":[{"embeddable":true,"href":"http:\/\/rhoenklub-petersberg.de\/index.php\/wp-json\/wp\/v2\/users\/666667"}],"replies":[{"embeddable":true,"href":"http:\/\/rhoenklub-petersberg.de\/index.php\/wp-json\/wp\/v2\/comments?post=13371"}],"version-history":[{"count":0,"href":"http:\/\/rhoenklub-petersberg.de\/index.php\/wp-json\/wp\/v2\/pages\/13371\/revisions"}],"wp:attachment":[{"href":"http:\/\/rhoenklub-petersberg.de\/index.php\/wp-json\/wp\/v2\/media?parent=13371"}],"curies":[{"name":"wp","href":"https:\/\/api.w.org\/{rel}","templated":true}]}}

<h1 class="western" align="center"><strong><span style="font-size: small;"><i>Eröffnung des Wanderjahres 2025 auf der Milseburg</i></span></strong></h1>
<p class="western" align="center"><span style="font-size: small;"><i>Bericht von Karl Schmitt:</i></span></p>
<p class="western" align="center"><span style="font-family: Liberation Sans, sans-serif;"><span style="font-size: medium;"><i>8 Wanderer treffen sich, um gemeinsam mit anderen Wanderern der Zweigvereine des Rhönklubs das Wanderjahr 2025 zu eröffnen.</i></span></span></p>
<p class="western"><span style="font-family: Liberation Sans, sans-serif;"><span style="font-size: medium;">In Fahrgemeinschaften fuhren wir zum Grabenhöfchen, Beginn der ca. 8 km langen Wanderung.</span></span></p>
<p class="western"><span style="font-family: Liberation Sans, sans-serif;"><span style="font-size: medium;">Durch den Kälteeinbruch war der Weg zur Milseburg stellenweise glatt, vereist und nur mit größter Vorsicht zu erwandern.</span></span></p>
<p class="western"><span style="font-family: Liberation Sans, sans-serif;"><span style="font-size: medium;">Einen Sturz in unserer Gruppe, der glücklicherweise glimpflich ausging, mussten wir allerdings verbuchen. Um 11.35 Uhr hatten wir es geschafft und hatten noch Zeit, die Baustelle auf der Milseburg zu besichtigen. Da sich der Redner am Dr. Justus Schneider Denkmal wieder einmal verspätete, stimmte unser Wanderfreund Felix Gaul das Rhöner Lied an, das von allen mitgesungen wurde. Nun begann der offizielle Teil der eröffnung des Wanderjahres 2025. Danach begann der Abstieg, der durch die Vereisungen den Wanderern nochmal einiges abverlangte. </span></span></p>
<p class="western"><span style="font-family: Liberation Sans, sans-serif;"><span style="font-size: medium;">Abschluss war bei Uwe in der Milseburgstube. Hier bekamen wir noch Verstärkung durch Ulla und Margarethe Jahn. Nach gutem Essen und Getränken und einem Schnaps vom Haus begaben wir uns auf den Rückweg zu den Autos. Gegen 16.30 Uhr waren wir wieder am Petersberg.</span></span></p>
<div id='gallery-1' class='gallery galleryid-13371 gallery-columns-2 gallery-size-thumbnail'><figure class='gallery-item'>
			<div class='gallery-icon portrait'>
				<a href='http://rhoenklub-petersberg.de/index.php/milseburg-5/img-20250115-wa0001/'><img loading="lazy" decoding="async" width="150" height="150" src="http://rhoenklub-petersberg.de/wp-content/uploads/2025/01/IMG-20250115-WA0001-150x150.jpg" class="attachment-thumbnail size-thumbnail" alt="" /></a>
			</div></figure><figure class='gallery-item'>
			<div class='gallery-icon portrait'>
				<a href='http://rhoenklub-petersberg.de/index.php/milseburg-5/img-20250115-wa0002/'><img loading="lazy" decoding="async" width="150" height="150" src="http://rhoenklub-petersberg.de/wp-content/uploads/2025/01/IMG-20250115-WA0002-150x150.jpg" class="attachment-thumbnail size-thumbnail" alt="" /></a>
			</div></figure><figure class='gallery-item'>
			<div class='gallery-icon portrait'>
				<a href='http://rhoenklub-petersberg.de/index.php/milseburg-5/img-20250115-wa0003/'><img loading="lazy" decoding="async" width="150" height="150" src="http://rhoenklub-petersberg.de/wp-content/uploads/2025/01/IMG-20250115-WA0003-150x150.jpg" class="attachment-thumbnail size-thumbnail" alt="" /></a>
			</div></figure><figure class='gallery-item'>
			<div class='gallery-icon portrait'>
				<a href='http://rhoenklub-petersberg.de/index.php/milseburg-5/img-20250115-wa0004/'><img loading="lazy" decoding="async" width="150" height="150" src="http://rhoenklub-petersberg.de/wp-content/uploads/2025/01/IMG-20250115-WA0004-150x150.jpg" class="attachment-thumbnail size-thumbnail" alt="" /></a>
			</div></figure><figure class='gallery-item'>
			<div class='gallery-icon portrait'>
				<a href='http://rhoenklub-petersberg.de/index.php/milseburg-5/img-20250115-wa0005/'><img loading="lazy" decoding="async" width="150" height="150" src="http://rhoenklub-petersberg.de/wp-content/uploads/2025/01/IMG-20250115-WA0005-150x150.jpg" class="attachment-thumbnail size-thumbnail" alt="" /></a>
			</div></figure><figure class='gallery-item'>
			<div class='gallery-icon portrait'>
				<a href='http://rhoenklub-petersberg.de/index.php/milseburg-5/img-20250115-wa0006/'><img loading="lazy" decoding="async" width="150" height="150" src="http://rhoenklub-petersberg.de/wp-content/uploads/2025/01/IMG-20250115-WA0006-150x150.jpg" class="attachment-thumbnail size-thumbnail" alt="" /></a>
			</div></figure><figure class='gallery-item'>
			<div class='gallery-icon portrait'>
				<a href='http://rhoenklub-petersberg.de/index.php/milseburg-5/img-20250115-wa0007/'><img loading="lazy" decoding="async" width="150" height="150" src="http://rhoenklub-petersberg.de/wp-content/uploads/2025/01/IMG-20250115-WA0007-150x150.jpg" class="attachment-thumbnail size-thumbnail" alt="" /></a>
			</div></figure><figure class='gallery-item'>
			<div class='gallery-icon landscape'>
				<a href='http://rhoenklub-petersberg.de/index.php/milseburg-5/img-20250115-wa0008/'><img loading="lazy" decoding="async" width="150" height="150" src="http://rhoenklub-petersberg.de/wp-content/uploads/2025/01/IMG-20250115-WA0008-150x150.jpg" class="attachment-thumbnail size-thumbnail" alt="" /></a>
			</div></figure><figure class='gallery-item'>
			<div class='gallery-icon landscape'>
				<a href='http://rhoenklub-petersberg.de/index.php/milseburg-5/img-20250115-wa0009/'><img loading="lazy" decoding="async" width="150" height="150" src="http://rhoenklub-petersberg.de/wp-content/uploads/2025/01/IMG-20250115-WA0009-150x150.jpg" class="attachment-thumbnail size-thumbnail" alt="" /></a>
			</div></figure><figure class='gallery-item'>
			<div class='gallery-icon landscape'>
				<a href='http://rhoenklub-petersberg.de/index.php/milseburg-5/img-20250115-wa0010/'><img loading="lazy" decoding="async" width="150" height="150" src="http://rhoenklub-petersberg.de/wp-content/uploads/2025/01/IMG-20250115-WA0010-150x150.jpg" class="attachment-thumbnail size-thumbnail" alt="" /></a>
			</div></figure><figure class='gallery-item'>
			<div class='gallery-icon landscape'>
				<a href='http://rhoenklub-petersberg.de/index.php/milseburg-5/img-20250115-wa0011/'><img loading="lazy" decoding="async" width="150" height="150" src="http://rhoenklub-petersberg.de/wp-content/uploads/2025/01/IMG-20250115-WA0011-150x150.jpg" class="attachment-thumbnail size-thumbnail" alt="" /></a>
			</div></figure><figure class='gallery-item'>
			<div class='gallery-icon landscape'>
				<a href='http://rhoenklub-petersberg.de/index.php/milseburg-5/img-20250115-wa0012/'><img loading="lazy" decoding="async" width="150" height="150" src="http://rhoenklub-petersberg.de/wp-content/uploads/2025/01/IMG-20250115-WA0012-150x150.jpg" class="attachment-thumbnail size-thumbnail" alt="" /></a>
			</div></figure>
		</div>

<p>Eröffnung des Wanderjahres 2025 auf der Milseburg Bericht von Karl Schmitt: 8 Wanderer treffen sich, um gemeinsam mit anderen Wanderern der Zweigvereine des Rhönklubs das Wanderjahr 2025 zu eröffnen. In Fahrgemeinschaften fuhren wir zum Grabenhöfchen, Beginn der ca. 8 km langen Wanderung. Durch den Kälteeinbruch war der Weg zur Milseburg stellenweise glatt, vereist und nur &hellip; <a href="http://rhoenklub-petersberg.de/index.php/milseburg-5/" class="more-link"><span class="screen-reader-text">Milseburg</span> weiterlesen <span class="meta-nav">&rarr;</span></a></p>
