{"id":13255,"date":"2024-12-09T12:05:41","date_gmt":"2024-12-09T12:05:41","guid":{"rendered":"http:\/\/rhoenklub-petersberg.de\/?page_id=13255"},"modified":"2024-12-09T12:05:41","modified_gmt":"2024-12-09T12:05:41","slug":"weihnachtsmarktfahrt-2","status":"publish","type":"page","link":"http:\/\/rhoenklub-petersberg.de\/index.php\/weihnachtsmarktfahrt-2\/","title":{"rendered":"Weihnachtsmarktfahrt"},"content":{"rendered":"<p class=\"western\" align=\"center\"><span style=\"font-family: Century Schoolbook, serif;\"><span style=\"font-size: large;\"><i><u><b>Weihnachtsmarktfahrt nach Coburg<\/b><\/u><\/i><\/span><\/span><\/p>\n<p class=\"western\"><span style=\"font-family: Century Schoolbook, serif;\"><span style=\"font-size: medium;\"><i><b>Der Tag der Fahrt zum Weihnachtsmarkt nach Coburg mit Zwischen<\/b><\/i><\/span><\/span><span style=\"font-family: Century Schoolbook, serif;\"><span style=\"font-size: medium;\"><i><b>stopp in Vierzehnheiligen begr\u00fc\u00dfte uns mit einem strahlenden, blauen Himmel und herrlichem Sonnenschein. <\/b><\/i><\/span><\/span><\/p>\n<p class=\"western\"><span style=\"font-family: Century Schoolbook, serif;\"><span style=\"font-size: medium;\"><i><b>Um 10.00 Uhr p\u00fcnktlich setzte sich der vollbesetzte Bus mit unserem <\/b><\/i><\/span><\/span><span style=\"font-family: Century Schoolbook, serif;\"><span style=\"font-size: medium;\"><i><b>Fahrer \u201eNorbert\u201c in Bewegung nach Vierzehnheiligen ins <\/b><\/i><\/span><\/span><span style=\"font-family: Century Schoolbook, serif;\"><span style=\"font-size: medium;\"><i><b>Frankenland.<\/b><\/i><\/span><\/span><a name=\"_GoBack\"><\/a><\/p>\n<p class=\"western\"><span style=\"font-family: Century Schoolbook, serif;\"><span style=\"font-size: medium;\"><i><b>Nach der Ankunft dort wurde erst einmal gefr\u00fchst\u00fcckt. <\/b><\/i><\/span><\/span><\/p>\n<p class=\"western\"><span style=\"font-family: Century Schoolbook, serif;\"><span style=\"font-size: medium;\"><i><b>Um 13.00 Uhr dann wurde uns von Pater Maximilian die Entstehung <\/b><\/i><\/span><\/span><span style=\"font-family: Century Schoolbook, serif;\"><span style=\"font-size: medium;\"><i><b>und der Bau der Vierzehnheiligen-Basilika auf eine interessante und humorvolle Art und Weise vermittelt. <\/b><\/i><\/span><\/span><\/p>\n<p class=\"western\"><span style=\"font-family: Century Schoolbook, serif;\"><span style=\"font-size: medium;\"><i><b>Um 14.00 Uhr wurde der kurze Weg mit dem Bus nach Coburg zur\u00fcck<\/b><\/i><\/span><\/span><span style=\"font-family: Century Schoolbook, serif;\"><span style=\"font-size: medium;\"><i><b>gelegt, wo wir dann den Weg Richtung Marktplatz zu Fu\u00df in Angriff <\/b><\/i><\/span><\/span><span style=\"font-family: Century Schoolbook, serif;\"><span style=\"font-size: medium;\"><i><b>nahmen.<\/b><\/i><\/span><\/span><\/p>\n<p class=\"western\"><span style=\"font-family: Century Schoolbook, serif;\"><span style=\"font-size: medium;\"><i><b>Auf dem Marktplatz erwartete uns dann der stimmungsvolle, kleine, <\/b><\/i><\/span><\/span><span style=\"font-family: Century Schoolbook, serif;\"><span style=\"font-size: medium;\"><i><b>besinnliche Weihnachtsmarkt der Stadt Coburg mit einem Blick in die <\/b><\/i><\/span><\/span><span style=\"font-family: Century Schoolbook, serif;\"><span style=\"font-size: medium;\"><i><b>abwechslungsreiche Vergangenheit. Diese war \u00fcberall erlebbar zwischen den Renaissancebauten und neugotischen H\u00e4userz\u00fcgen. <\/b><\/i><\/span><\/span><\/p>\n<p class=\"western\"><span style=\"font-family: Century Schoolbook, serif;\"><span style=\"font-size: medium;\"><i><b>Danach ging es dann mit einem Trupp von uns zur St\u00e4rkung in das <\/b><\/i><\/span><\/span><span style=\"font-family: Century Schoolbook, serif;\"><span style=\"font-size: medium;\"><i><b>Brauhaus von Coburg, wo wir bei Speis und Trank den Nachmittag <\/b><\/i><\/span><\/span><span style=\"font-family: Century Schoolbook, serif;\"><span style=\"font-size: medium;\"><i><b>ausklingen lie\u00dfen. <\/b><\/i><\/span><\/span><\/p>\n<p class=\"western\"><span style=\"font-family: Century Schoolbook, serif;\"><span style=\"font-size: medium;\"><i><b>Nach einem letzten Gl\u00fchwein und einem Spaziergang \u00fcber den n\u00e4chtlich <\/b><\/i><\/span><\/span><span style=\"font-family: Century Schoolbook, serif;\"><span style=\"font-size: medium;\"><i><b>beleuchteten Weihnachtsmarkt wurde dann um 20.00 Uhr die Heimfahrt <\/b><\/i><\/span><\/span><span style=\"font-family: Century Schoolbook, serif;\"><span style=\"font-size: medium;\"><i><b>an den Petersberg angetreten. <\/b><\/i><\/span><\/span><\/p>\n<p class=\"western\">\u201e <span style=\"font-family: Century Schoolbook, serif;\"><span style=\"font-size: medium;\"><i><b>Frisch auf \u201c<\/b><\/i><\/span><\/span><\/p>\n<p class=\"western\"><span style=\"font-family: Century Schoolbook, serif;\"><span style=\"font-size: medium;\"><i><b>StellV. Kulturwart (in)<\/b><\/i><\/span><\/span><\/p>\n<p class=\"western\"><span style=\"font-family: Century Schoolbook, serif;\"><span style=\"font-size: medium;\"><i><b>Judith Klimek-Ettinger<\/b><\/i><\/span><\/span><\/p>\n<div id='gallery-1' class='gallery galleryid-13255 gallery-columns-5 gallery-size-thumbnail'><figure class='gallery-item'>\n\t\t\t<div class='gallery-icon portrait'>\n\t\t\t\t<a href='http:\/\/rhoenklub-petersberg.de\/index.php\/weihnachtsmarktfahrt-2\/img-20241204-wa0007\/'><img loading=\"lazy\" decoding=\"async\" width=\"150\" height=\"150\" src=\"http:\/\/rhoenklub-petersberg.de\/wp-content\/uploads\/2024\/12\/IMG-20241204-WA0007-150x150.jpg\" class=\"attachment-thumbnail size-thumbnail\" alt=\"\" \/><\/a>\n\t\t\t<\/div><\/figure><figure class='gallery-item'>\n\t\t\t<div class='gallery-icon portrait'>\n\t\t\t\t<a href='http:\/\/rhoenklub-petersberg.de\/index.php\/weihnachtsmarktfahrt-2\/img-20241204-wa0008\/'><img loading=\"lazy\" decoding=\"async\" width=\"150\" height=\"150\" src=\"http:\/\/rhoenklub-petersberg.de\/wp-content\/uploads\/2024\/12\/IMG-20241204-WA0008-150x150.jpg\" class=\"attachment-thumbnail size-thumbnail\" alt=\"\" \/><\/a>\n\t\t\t<\/div><\/figure><figure class='gallery-item'>\n\t\t\t<div class='gallery-icon portrait'>\n\t\t\t\t<a href='http:\/\/rhoenklub-petersberg.de\/index.php\/weihnachtsmarktfahrt-2\/img-20241204-wa0009\/'><img loading=\"lazy\" decoding=\"async\" width=\"150\" height=\"150\" src=\"http:\/\/rhoenklub-petersberg.de\/wp-content\/uploads\/2024\/12\/IMG-20241204-WA0009-150x150.jpg\" class=\"attachment-thumbnail size-thumbnail\" alt=\"\" \/><\/a>\n\t\t\t<\/div><\/figure><figure class='gallery-item'>\n\t\t\t<div class='gallery-icon portrait'>\n\t\t\t\t<a href='http:\/\/rhoenklub-petersberg.de\/index.php\/weihnachtsmarktfahrt-2\/img-20241204-wa0010\/'><img loading=\"lazy\" decoding=\"async\" width=\"150\" height=\"150\" src=\"http:\/\/rhoenklub-petersberg.de\/wp-content\/uploads\/2024\/12\/IMG-20241204-WA0010-150x150.jpg\" class=\"attachment-thumbnail size-thumbnail\" alt=\"\" \/><\/a>\n\t\t\t<\/div><\/figure><figure class='gallery-item'>\n\t\t\t<div class='gallery-icon landscape'>\n\t\t\t\t<a href='http:\/\/rhoenklub-petersberg.de\/index.php\/weihnachtsmarktfahrt-2\/img-20241204-wa0011\/'><img loading=\"lazy\" decoding=\"async\" width=\"150\" height=\"150\" src=\"http:\/\/rhoenklub-petersberg.de\/wp-content\/uploads\/2024\/12\/IMG-20241204-WA0011-150x150.jpg\" class=\"attachment-thumbnail size-thumbnail\" alt=\"\" \/><\/a>\n\t\t\t<\/div><\/figure><figure class='gallery-item'>\n\t\t\t<div class='gallery-icon portrait'>\n\t\t\t\t<a href='http:\/\/rhoenklub-petersberg.de\/index.php\/weihnachtsmarktfahrt-2\/img-20241204-wa0012\/'><img loading=\"lazy\" decoding=\"async\" width=\"150\" height=\"150\" src=\"http:\/\/rhoenklub-petersberg.de\/wp-content\/uploads\/2024\/12\/IMG-20241204-WA0012-150x150.jpg\" class=\"attachment-thumbnail size-thumbnail\" alt=\"\" \/><\/a>\n\t\t\t<\/div><\/figure><figure class='gallery-item'>\n\t\t\t<div class='gallery-icon portrait'>\n\t\t\t\t<a href='http:\/\/rhoenklub-petersberg.de\/index.php\/weihnachtsmarktfahrt-2\/img-20241204-wa0013\/'><img loading=\"lazy\" decoding=\"async\" width=\"150\" height=\"150\" src=\"http:\/\/rhoenklub-petersberg.de\/wp-content\/uploads\/2024\/12\/IMG-20241204-WA0013-150x150.jpg\" class=\"attachment-thumbnail size-thumbnail\" alt=\"\" \/><\/a>\n\t\t\t<\/div><\/figure><figure class='gallery-item'>\n\t\t\t<div class='gallery-icon landscape'>\n\t\t\t\t<a href='http:\/\/rhoenklub-petersberg.de\/index.php\/weihnachtsmarktfahrt-2\/img-20241204-wa0014\/'><img loading=\"lazy\" decoding=\"async\" width=\"150\" height=\"150\" src=\"http:\/\/rhoenklub-petersberg.de\/wp-content\/uploads\/2024\/12\/IMG-20241204-WA0014-150x150.jpg\" class=\"attachment-thumbnail size-thumbnail\" alt=\"\" \/><\/a>\n\t\t\t<\/div><\/figure><figure class='gallery-item'>\n\t\t\t<div class='gallery-icon landscape'>\n\t\t\t\t<a href='http:\/\/rhoenklub-petersberg.de\/index.php\/weihnachtsmarktfahrt-2\/img-20241204-wa0015\/'><img loading=\"lazy\" decoding=\"async\" width=\"150\" height=\"150\" src=\"http:\/\/rhoenklub-petersberg.de\/wp-content\/uploads\/2024\/12\/IMG-20241204-WA0015-150x150.jpg\" class=\"attachment-thumbnail size-thumbnail\" alt=\"\" \/><\/a>\n\t\t\t<\/div><\/figure><figure class='gallery-item'>\n\t\t\t<div class='gallery-icon portrait'>\n\t\t\t\t<a href='http:\/\/rhoenklub-petersberg.de\/index.php\/weihnachtsmarktfahrt-2\/img-20241204-wa0016\/'><img loading=\"lazy\" decoding=\"async\" width=\"150\" height=\"150\" src=\"http:\/\/rhoenklub-petersberg.de\/wp-content\/uploads\/2024\/12\/IMG-20241204-WA0016-150x150.jpg\" class=\"attachment-thumbnail size-thumbnail\" alt=\"\" \/><\/a>\n\t\t\t<\/div><\/figure><figure class='gallery-item'>\n\t\t\t<div class='gallery-icon portrait'>\n\t\t\t\t<a href='http:\/\/rhoenklub-petersberg.de\/index.php\/weihnachtsmarktfahrt-2\/img-20241204-wa0017\/'><img loading=\"lazy\" decoding=\"async\" width=\"150\" height=\"150\" src=\"http:\/\/rhoenklub-petersberg.de\/wp-content\/uploads\/2024\/12\/IMG-20241204-WA0017-150x150.jpg\" class=\"attachment-thumbnail size-thumbnail\" alt=\"\" \/><\/a>\n\t\t\t<\/div><\/figure><figure class='gallery-item'>\n\t\t\t<div class='gallery-icon portrait'>\n\t\t\t\t<a href='http:\/\/rhoenklub-petersberg.de\/index.php\/weihnachtsmarktfahrt-2\/img-20241204-wa0018\/'><img loading=\"lazy\" decoding=\"async\" width=\"150\" height=\"150\" src=\"http:\/\/rhoenklub-petersberg.de\/wp-content\/uploads\/2024\/12\/IMG-20241204-WA0018-150x150.jpg\" class=\"attachment-thumbnail size-thumbnail\" alt=\"\" \/><\/a>\n\t\t\t<\/div><\/figure><figure class='gallery-item'>\n\t\t\t<div class='gallery-icon portrait'>\n\t\t\t\t<a href='http:\/\/rhoenklub-petersberg.de\/index.php\/weihnachtsmarktfahrt-2\/img-20241204-wa0020\/'><img loading=\"lazy\" decoding=\"async\" width=\"150\" height=\"150\" src=\"http:\/\/rhoenklub-petersberg.de\/wp-content\/uploads\/2024\/12\/IMG-20241204-WA0020-150x150.jpg\" class=\"attachment-thumbnail size-thumbnail\" alt=\"\" \/><\/a>\n\t\t\t<\/div><\/figure><figure class='gallery-item'>\n\t\t\t<div class='gallery-icon portrait'>\n\t\t\t\t<a href='http:\/\/rhoenklub-petersberg.de\/index.php\/weihnachtsmarktfahrt-2\/img-20241204-wa0021\/'><img loading=\"lazy\" decoding=\"async\" width=\"150\" height=\"150\" src=\"http:\/\/rhoenklub-petersberg.de\/wp-content\/uploads\/2024\/12\/IMG-20241204-WA0021-150x150.jpg\" class=\"attachment-thumbnail size-thumbnail\" alt=\"\" \/><\/a>\n\t\t\t<\/div><\/figure><figure class='gallery-item'>\n\t\t\t<div class='gallery-icon landscape'>\n\t\t\t\t<a href='http:\/\/rhoenklub-petersberg.de\/index.php\/weihnachtsmarktfahrt-2\/img-20241204-wa0022\/'><img loading=\"lazy\" decoding=\"async\" width=\"150\" height=\"150\" src=\"http:\/\/rhoenklub-petersberg.de\/wp-content\/uploads\/2024\/12\/IMG-20241204-WA0022-150x150.jpg\" class=\"attachment-thumbnail size-thumbnail\" alt=\"\" \/><\/a>\n\t\t\t<\/div><\/figure><figure class='gallery-item'>\n\t\t\t<div class='gallery-icon landscape'>\n\t\t\t\t<a href='http:\/\/rhoenklub-petersberg.de\/index.php\/weihnachtsmarktfahrt-2\/img-20241204-wa0023\/'><img loading=\"lazy\" decoding=\"async\" width=\"150\" height=\"150\" src=\"http:\/\/rhoenklub-petersberg.de\/wp-content\/uploads\/2024\/12\/IMG-20241204-WA0023-150x150.jpg\" class=\"attachment-thumbnail size-thumbnail\" alt=\"\" \/><\/a>\n\t\t\t<\/div><\/figure><figure class='gallery-item'>\n\t\t\t<div class='gallery-icon portrait'>\n\t\t\t\t<a href='http:\/\/rhoenklub-petersberg.de\/index.php\/weihnachtsmarktfahrt-2\/img-20241204-wa0024\/'><img loading=\"lazy\" decoding=\"async\" width=\"150\" height=\"150\" src=\"http:\/\/rhoenklub-petersberg.de\/wp-content\/uploads\/2024\/12\/IMG-20241204-WA0024-150x150.jpg\" class=\"attachment-thumbnail size-thumbnail\" alt=\"\" \/><\/a>\n\t\t\t<\/div><\/figure><figure class='gallery-item'>\n\t\t\t<div class='gallery-icon landscape'>\n\t\t\t\t<a href='http:\/\/rhoenklub-petersberg.de\/index.php\/weihnachtsmarktfahrt-2\/img-20241204-wa0025\/'><img loading=\"lazy\" decoding=\"async\" width=\"150\" height=\"150\" src=\"http:\/\/rhoenklub-petersberg.de\/wp-content\/uploads\/2024\/12\/IMG-20241204-WA0025-150x150.jpg\" class=\"attachment-thumbnail size-thumbnail\" alt=\"\" \/><\/a>\n\t\t\t<\/div><\/figure><figure class='gallery-item'>\n\t\t\t<div class='gallery-icon landscape'>\n\t\t\t\t<a href='http:\/\/rhoenklub-petersberg.de\/index.php\/weihnachtsmarktfahrt-2\/img-20241204-wa0026\/'><img loading=\"lazy\" decoding=\"async\" width=\"150\" height=\"150\" src=\"http:\/\/rhoenklub-petersberg.de\/wp-content\/uploads\/2024\/12\/IMG-20241204-WA0026-150x150.jpg\" class=\"attachment-thumbnail size-thumbnail\" alt=\"\" \/><\/a>\n\t\t\t<\/div><\/figure><figure class='gallery-item'>\n\t\t\t<div class='gallery-icon portrait'>\n\t\t\t\t<a href='http:\/\/rhoenklub-petersberg.de\/index.php\/weihnachtsmarktfahrt-2\/img-20241205-wa0000\/'><img loading=\"lazy\" decoding=\"async\" width=\"150\" height=\"150\" src=\"http:\/\/rhoenklub-petersberg.de\/wp-content\/uploads\/2024\/12\/IMG-20241205-WA0000-150x150.jpg\" class=\"attachment-thumbnail size-thumbnail\" alt=\"\" \/><\/a>\n\t\t\t<\/div><\/figure><figure class='gallery-item'>\n\t\t\t<div class='gallery-icon portrait'>\n\t\t\t\t<a href='http:\/\/rhoenklub-petersberg.de\/index.php\/weihnachtsmarktfahrt-2\/img-20241205-wa0001\/'><img loading=\"lazy\" decoding=\"async\" width=\"150\" height=\"150\" src=\"http:\/\/rhoenklub-petersberg.de\/wp-content\/uploads\/2024\/12\/IMG-20241205-WA0001-150x150.jpg\" class=\"attachment-thumbnail size-thumbnail\" alt=\"\" \/><\/a>\n\t\t\t<\/div><\/figure><figure class='gallery-item'>\n\t\t\t<div class='gallery-icon portrait'>\n\t\t\t\t<a href='http:\/\/rhoenklub-petersberg.de\/index.php\/weihnachtsmarktfahrt-2\/img-20241205-wa0002\/'><img loading=\"lazy\" decoding=\"async\" width=\"150\" height=\"150\" src=\"http:\/\/rhoenklub-petersberg.de\/wp-content\/uploads\/2024\/12\/IMG-20241205-WA0002-150x150.jpg\" class=\"attachment-thumbnail size-thumbnail\" alt=\"\" \/><\/a>\n\t\t\t<\/div><\/figure><figure class='gallery-item'>\n\t\t\t<div class='gallery-icon portrait'>\n\t\t\t\t<a href='http:\/\/rhoenklub-petersberg.de\/index.php\/weihnachtsmarktfahrt-2\/img-20241205-wa0003\/'><img loading=\"lazy\" decoding=\"async\" width=\"150\" height=\"150\" src=\"http:\/\/rhoenklub-petersberg.de\/wp-content\/uploads\/2024\/12\/IMG-20241205-WA0003-150x150.jpg\" class=\"attachment-thumbnail size-thumbnail\" alt=\"\" \/><\/a>\n\t\t\t<\/div><\/figure>\n\t\t<\/div>\n\n","protected":false},"excerpt":{"rendered":"<p>Weihnachtsmarktfahrt nach Coburg Der Tag der Fahrt zum Weihnachtsmarkt nach Coburg mit Zwischenstopp in Vierzehnheiligen begr\u00fc\u00dfte uns mit einem strahlenden, blauen Himmel und herrlichem Sonnenschein. Um 10.00 Uhr p\u00fcnktlich setzte sich der vollbesetzte Bus mit unserem Fahrer \u201eNorbert\u201c in Bewegung nach Vierzehnheiligen ins Frankenland. Nach der Ankunft dort wurde erst einmal gefr\u00fchst\u00fcckt. Um 13.00 Uhr &hellip; <a href=\"http:\/\/rhoenklub-petersberg.de\/index.php\/weihnachtsmarktfahrt-2\/\" class=\"more-link\"><span class=\"screen-reader-text\">Weihnachtsmarktfahrt<\/span> weiterlesen <span class=\"meta-nav\">&rarr;<\/span><\/a><\/p>\n","protected":false},"author":666667,"featured_media":0,"parent":0,"menu_order":0,"comment_status":"closed","ping_status":"closed","template":"","meta":{"footnotes":""},"class_list":["post-13255","page","type-page","status-publish","hentry"],"_links":{"self":[{"href":"http:\/\/rhoenklub-petersberg.de\/index.php\/wp-json\/wp\/v2\/pages\/13255","targetHints":{"allow":["GET"]}}],"collection":[{"href":"http:\/\/rhoenklub-petersberg.de\/index.php\/wp-json\/wp\/v2\/pages"}],"about":[{"href":"http:\/\/rhoenklub-petersberg.de\/index.php\/wp-json\/wp\/v2\/types\/page"}],"author":[{"embeddable":true,"href":"http:\/\/rhoenklub-petersberg.de\/index.php\/wp-json\/wp\/v2\/users\/666667"}],"replies":[{"embeddable":true,"href":"http:\/\/rhoenklub-petersberg.de\/index.php\/wp-json\/wp\/v2\/comments?post=13255"}],"version-history":[{"count":0,"href":"http:\/\/rhoenklub-petersberg.de\/index.php\/wp-json\/wp\/v2\/pages\/13255\/revisions"}],"wp:attachment":[{"href":"http:\/\/rhoenklub-petersberg.de\/index.php\/wp-json\/wp\/v2\/media?parent=13255"}],"curies":[{"name":"wp","href":"https:\/\/api.w.org\/{rel}","templated":true}]}}