{"id":12528,"date":"2024-01-21T17:43:48","date_gmt":"2024-01-21T17:43:48","guid":{"rendered":"http:\/\/rhoenklub-petersberg.de\/?page_id=12528"},"modified":"2026-01-15T14:32:15","modified_gmt":"2026-01-15T14:32:15","slug":"veranstaltungen-2024","status":"publish","type":"page","link":"http:\/\/rhoenklub-petersberg.de\/index.php\/veranstaltungen-2024\/","title":{"rendered":"Veranstaltungen 2026"},"content":{"rendered":"<p class=\"western\" align=\"center\"><span style=\"font-size: small;\"><u><b>Er\u00f6ffnungswanderung 2026<\/b><\/u><\/span><\/p>\n<p class=\"western\" align=\"center\"><span style=\"font-size: small;\"><i>Bericht von Karl Schmitt:<\/i><\/span><\/p>\n<p class=\"western\" align=\"center\"><span style=\"font-family: Liberation Sans, sans-serif;\"><span style=\"font-size: medium;\"><i>F\u00fcnf Wanderer trafen sich am 11.01.2026 um 10.00 Uhr am Rathausplatz und fuhren in Fahrgemeinschaft ans Grabenh\u00f6fchen, der Beginn unserer Wanderung zur Milseburg. Hier wird auf der Milseburg unterhalb der H\u00fctte am Dr. Justus Schneider Denkmal wie jedes Jahr der Beginn des neuen Wanderjahres er\u00f6ffnet. Nach der Ansprache wurde noch gesungen und danach ging es bergab zur Milseburgstube. Was soll man da schreiben, Essen gut, trinken reichlich die Bedienung super. Uwe von der Milseburgstube spendierte uns einen Schnaps. Wir waren rundum zufrieden. Danach ging es wieder zur\u00fcck zu den Autos. Es war ein sehr sch\u00f6ner Tag, Sonne, kein W\u00f6lkchen am Himmel, Schnee, nicht zu kalt. Schade, dass so viele daheim geblieben sind.<br \/>\n<\/i><\/span><\/span><\/p>\n<div id='gallery-1' class='gallery galleryid-12528 gallery-columns-2 gallery-size-thumbnail'><figure class='gallery-item'>\n\t\t\t<div class='gallery-icon landscape'>\n\t\t\t\t<a href='http:\/\/rhoenklub-petersberg.de\/index.php\/veranstaltungen-2024\/img-20260115-wa0002\/'><img loading=\"lazy\" decoding=\"async\" width=\"150\" height=\"150\" src=\"http:\/\/rhoenklub-petersberg.de\/wp-content\/uploads\/2026\/01\/IMG-20260115-WA0002-150x150.jpg\" class=\"attachment-thumbnail size-thumbnail\" alt=\"\" \/><\/a>\n\t\t\t<\/div><\/figure><figure class='gallery-item'>\n\t\t\t<div class='gallery-icon portrait'>\n\t\t\t\t<a href='http:\/\/rhoenklub-petersberg.de\/index.php\/veranstaltungen-2024\/img-20260115-wa0003\/'><img loading=\"lazy\" decoding=\"async\" width=\"150\" height=\"150\" src=\"http:\/\/rhoenklub-petersberg.de\/wp-content\/uploads\/2026\/01\/IMG-20260115-WA0003-150x150.jpg\" class=\"attachment-thumbnail size-thumbnail\" alt=\"\" \/><\/a>\n\t\t\t<\/div><\/figure>\n\t\t<\/div>\n\n<p class=\"western\" align=\"center\"><span style=\"font-family: Liberation Sans, sans-serif;\"><span style=\"font-size: medium;\">\u00a0<\/span><\/span><\/p>\n","protected":false},"excerpt":{"rendered":"<p>Er\u00f6ffnungswanderung 2026 Bericht von Karl Schmitt: F\u00fcnf Wanderer trafen sich am 11.01.2026 um 10.00 Uhr am Rathausplatz und fuhren in Fahrgemeinschaft ans Grabenh\u00f6fchen, der Beginn unserer Wanderung zur Milseburg. Hier wird auf der Milseburg unterhalb der H\u00fctte am Dr. Justus Schneider Denkmal wie jedes Jahr der Beginn des neuen Wanderjahres er\u00f6ffnet. Nach der Ansprache wurde &hellip; <a href=\"http:\/\/rhoenklub-petersberg.de\/index.php\/veranstaltungen-2024\/\" class=\"more-link\"><span class=\"screen-reader-text\">Veranstaltungen 2026<\/span> weiterlesen <span class=\"meta-nav\">&rarr;<\/span><\/a><\/p>\n","protected":false},"author":666667,"featured_media":0,"parent":0,"menu_order":0,"comment_status":"closed","ping_status":"closed","template":"","meta":{"footnotes":""},"class_list":["post-12528","page","type-page","status-publish","hentry"],"_links":{"self":[{"href":"http:\/\/rhoenklub-petersberg.de\/index.php\/wp-json\/wp\/v2\/pages\/12528","targetHints":{"allow":["GET"]}}],"collection":[{"href":"http:\/\/rhoenklub-petersberg.de\/index.php\/wp-json\/wp\/v2\/pages"}],"about":[{"href":"http:\/\/rhoenklub-petersberg.de\/index.php\/wp-json\/wp\/v2\/types\/page"}],"author":[{"embeddable":true,"href":"http:\/\/rhoenklub-petersberg.de\/index.php\/wp-json\/wp\/v2\/users\/666667"}],"replies":[{"embeddable":true,"href":"http:\/\/rhoenklub-petersberg.de\/index.php\/wp-json\/wp\/v2\/comments?post=12528"}],"version-history":[{"count":0,"href":"http:\/\/rhoenklub-petersberg.de\/index.php\/wp-json\/wp\/v2\/pages\/12528\/revisions"}],"wp:attachment":[{"href":"http:\/\/rhoenklub-petersberg.de\/index.php\/wp-json\/wp\/v2\/media?parent=12528"}],"curies":[{"name":"wp","href":"https:\/\/api.w.org\/{rel}","templated":true}]}}